CRAN Package Check Results for Package SFS

Last updated on 2024-02-21 12:53:12 CET.

Flavor Version Tinstall Tcheck Ttotal Status Flags
r-devel-linux-x86_64-debian-clang 0.1.4 NOTE
r-devel-linux-x86_64-debian-gcc 0.1.4 41.24 23.18 64.42 NOTE
r-devel-linux-x86_64-fedora-clang 0.1.4 114.19 NOTE
r-devel-linux-x86_64-fedora-gcc 0.1.4 114.48 NOTE
r-devel-windows-x86_64 0.1.4 39.00 67.00 106.00 NOTE
r-patched-linux-x86_64 0.1.4 48.97 28.98 77.95 NOTE
r-release-linux-x86_64 0.1.4 51.90 28.51 80.41 NOTE
r-release-macos-arm64 0.1.4 37.00 NOTE
r-release-macos-x86_64 0.1.4 55.00 NOTE
r-release-windows-x86_64 0.1.4 49.00 74.00 123.00 NOTE
r-oldrel-macos-arm64 0.1.4 33.00 OK
r-oldrel-windows-x86_64 0.1.4 49.00 72.00 121.00 OK

Check Details

Version: 0.1.4
Check: C++ specification
Result: NOTE Specified C++11: please drop specification unless essential Flavors: r-devel-linux-x86_64-debian-clang, r-devel-linux-x86_64-debian-gcc, r-devel-linux-x86_64-fedora-clang, r-devel-linux-x86_64-fedora-gcc, r-devel-windows-x86_64, r-patched-linux-x86_64, r-release-linux-x86_64, r-release-macos-arm64, r-release-macos-x86_64, r-release-windows-x86_64