CRAN Package Check Results for Package SGP

Last updated on 2018-05-23 23:48:45 CEST.

Flavor Version Tinstall Tcheck Ttotal Status Flags
r-devel-linux-x86_64-debian-clang 1.8-0.0 38.83 213.47 252.30 OK
r-devel-linux-x86_64-debian-gcc 1.8-0.0 40.39 166.43 206.82 OK
r-devel-linux-x86_64-fedora-clang 1.8-0.0 321.64 NOTE
r-devel-linux-x86_64-fedora-gcc 1.8-0.0 312.60 NOTE
r-devel-windows-ix86+x86_64 1.8-0.0 61.00 285.00 346.00 NOTE
r-patched-linux-x86_64 1.8-0.0 44.38 197.76 242.14 OK
r-patched-solaris-x86 1.8-0.0 386.10 WARN
r-release-linux-x86_64 1.8-0.0 42.61 195.92 238.53 OK
r-release-windows-ix86+x86_64 1.8-0.0 86.00 266.00 352.00 NOTE
r-release-osx-x86_64 1.8-0.0 WARN
r-oldrel-windows-ix86+x86_64 1.8-0.0 78.00 273.00 351.00 NOTE
r-oldrel-osx-x86_64 1.7-0.0 OK

Check Details

Version: 1.8-0.0
Check: installed package size
Result: NOTE
     installed size is 5.6Mb
     sub-directories of 1Mb or more:
     R 1.2Mb
     doc 3.3Mb
Flavors: r-devel-linux-x86_64-fedora-clang, r-devel-linux-x86_64-fedora-gcc, r-devel-windows-ix86+x86_64, r-patched-solaris-x86, r-release-windows-ix86+x86_64, r-release-osx-x86_64, r-oldrel-windows-ix86+x86_64

Version: 1.8-0.0
Check: re-building of vignette outputs
Result: WARN
    Error in re-building vignettes:
     ...
    Warning in engine$weave(file, quiet = quiet, encoding = enc) :
     Pandoc (>= 1.12.3) and/or pandoc-citeproc not available. Falling back to R Markdown v1.
    Quitting from lines 13-29 (SGP.Rmd)
    Error: processing vignette 'SGP.Rmd' failed with diagnostics:
    argument is of length zero
    Execution halted
Flavors: r-patched-solaris-x86, r-release-osx-x86_64