CRAN Package Check Results for Package SGP

Last updated on 2018-11-18 21:47:39 CET.

Flavor Version Tinstall Tcheck Ttotal Status Flags
r-devel-linux-x86_64-debian-clang 1.8-0.0 42.73 201.63 244.36 OK
r-devel-linux-x86_64-debian-gcc 1.8-0.0 36.77 158.92 195.69 OK
r-devel-linux-x86_64-fedora-clang 1.8-0.0 290.34 NOTE
r-devel-linux-x86_64-fedora-gcc 1.8-0.0 285.45 OK
r-devel-windows-ix86+x86_64 1.8-0.0 79.00 257.00 336.00 NOTE
r-patched-linux-x86_64 1.8-0.0 32.94 199.03 231.97 OK
r-patched-solaris-x86 1.8-0.0 389.70 WARN
r-release-linux-x86_64 1.8-0.0 39.52 196.83 236.35 OK
r-release-windows-ix86+x86_64 1.8-0.0 82.00 253.00 335.00 NOTE
r-release-osx-x86_64 1.8-0.0 WARN
r-oldrel-windows-ix86+x86_64 1.8-0.0 52.00 236.00 288.00 NOTE
r-oldrel-osx-x86_64 1.8-0.0 WARN

Check Details

Version: 1.8-0.0
Check: installed package size
Result: NOTE
     installed size is 5.6Mb
     sub-directories of 1Mb or more:
     R 1.2Mb
     doc 3.3Mb
Flavors: r-devel-linux-x86_64-fedora-clang, r-devel-windows-ix86+x86_64, r-patched-solaris-x86, r-release-windows-ix86+x86_64, r-release-osx-x86_64, r-oldrel-windows-ix86+x86_64, r-oldrel-osx-x86_64

Version: 1.8-0.0
Check: re-building of vignette outputs
Result: WARN
    Error in re-building vignettes:
     ...
    Warning in engine$weave(file, quiet = quiet, encoding = enc) :
     Pandoc (>= 1.12.3) and/or pandoc-citeproc not available. Falling back to R Markdown v1.
    Quitting from lines 13-29 (SGP.Rmd)
    Error: processing vignette 'SGP.Rmd' failed with diagnostics:
    argument is of length zero
    Execution halted
Flavors: r-patched-solaris-x86, r-release-osx-x86_64, r-oldrel-osx-x86_64