CRAN Package Check Results for Package SGP

Last updated on 2019-01-22 17:50:28 CET.

Flavor Version Tinstall Tcheck Ttotal Status Flags
r-devel-linux-x86_64-debian-clang 1.8-0.0 41.29 224.26 265.55 OK
r-devel-linux-x86_64-debian-gcc 1.8-0.0 38.30 169.20 207.50 OK
r-devel-linux-x86_64-fedora-clang 1.8-0.0 313.74 NOTE
r-devel-linux-x86_64-fedora-gcc 1.8-0.0 296.10 OK
r-devel-windows-ix86+x86_64 1.8-0.0 85.00 287.00 372.00 NOTE
r-patched-linux-x86_64 1.8-0.0 48.28 199.78 248.06 OK
r-patched-solaris-x86 1.8-0.0 384.00 WARN
r-release-linux-x86_64 1.8-0.0 40.80 200.33 241.13 OK
r-release-windows-ix86+x86_64 1.8-0.0 80.00 268.00 348.00 NOTE
r-release-osx-x86_64 1.8-0.0 WARN
r-oldrel-windows-ix86+x86_64 1.8-0.0 86.00 285.00 371.00 NOTE
r-oldrel-osx-x86_64 1.8-0.0 WARN

Check Details

Version: 1.8-0.0
Check: installed package size
Result: NOTE
     installed size is 5.6Mb
     sub-directories of 1Mb or more:
     R 1.2Mb
     doc 3.3Mb
Flavors: r-devel-linux-x86_64-fedora-clang, r-devel-windows-ix86+x86_64, r-patched-solaris-x86, r-release-windows-ix86+x86_64, r-release-osx-x86_64, r-oldrel-windows-ix86+x86_64, r-oldrel-osx-x86_64

Version: 1.8-0.0
Check: re-building of vignette outputs
Result: WARN
    Error in re-building vignettes:
     ...
    Warning in engine$weave(file, quiet = quiet, encoding = enc) :
     Pandoc (>= 1.12.3) and/or pandoc-citeproc not available. Falling back to R Markdown v1.
    Quitting from lines 13-29 (SGP.Rmd)
    Error: processing vignette 'SGP.Rmd' failed with diagnostics:
    argument is of length zero
    Execution halted
Flavors: r-patched-solaris-x86, r-release-osx-x86_64, r-oldrel-osx-x86_64