CRAN Package Check Results for Package SGP

Last updated on 2020-10-29 02:50:11 CET.

Flavor Version Tinstall Tcheck Ttotal Status Flags
r-devel-linux-x86_64-debian-clang 1.9-5.0 61.00 279.88 340.88 OK
r-devel-linux-x86_64-debian-gcc 1.9-5.0 48.40 207.23 255.63 OK
r-devel-linux-x86_64-fedora-clang 1.9-5.0 447.95 NOTE
r-devel-linux-x86_64-fedora-gcc 1.9-5.0 433.98 OK
r-devel-windows-ix86+x86_64 1.9-5.0 99.00 285.00 384.00 NOTE
r-patched-linux-x86_64 1.9-5.0 55.11 254.30 309.41 OK
r-patched-solaris-x86 1.9-5.0 483.90 WARN
r-release-linux-x86_64 1.9-5.0 55.38 251.83 307.21 OK
r-release-macos-x86_64 1.9-5.0 WARN
r-release-windows-ix86+x86_64 1.9-5.0 74.00 215.00 289.00 NOTE
r-oldrel-macos-x86_64 1.9-5.0 WARN
r-oldrel-windows-ix86+x86_64 1.9-5.0 94.00 270.00 364.00 NOTE

Check Details

Version: 1.9-5.0
Check: package dependencies
Result: NOTE
    Imports includes 22 non-default packages.
    Importing from so many packages makes the package vulnerable to any of
    them becoming unavailable. Move as many as possible to Suggests and
    use conditionally.
Flavor: r-devel-linux-x86_64-fedora-clang

Version: 1.9-5.0
Check: installed package size
Result: NOTE
     installed size is 5.8Mb
     sub-directories of 1Mb or more:
     R 1.3Mb
     doc 3.4Mb
Flavors: r-devel-linux-x86_64-fedora-clang, r-devel-windows-ix86+x86_64, r-patched-solaris-x86, r-release-macos-x86_64, r-release-windows-ix86+x86_64, r-oldrel-macos-x86_64, r-oldrel-windows-ix86+x86_64

Version: 1.9-5.0
Check: re-building of vignette outputs
Result: WARN
    Error(s) in re-building vignettes:
     ...
    --- re-building ‘SGP.Rmd’ using rmarkdown
    Warning in engine$weave(file, quiet = quiet, encoding = enc) :
     Pandoc (>= 1.12.3) and/or pandoc-citeproc not available. Falling back to R Markdown v1.
    Quitting from lines 13-29 (SGP.Rmd)
    Error: processing vignette 'SGP.Rmd' failed with diagnostics:
    argument is of length zero
    --- failed re-building ‘SGP.Rmd’
    
    --- re-building ‘SGP_Data_Analysis.Rmd’ using rmarkdown
    Warning in engine$weave(file, quiet = quiet, encoding = enc) :
     Pandoc (>= 1.12.3) and/or pandoc-citeproc not available. Falling back to R Markdown v1.
    Quitting from lines 13-29 (SGP_Data_Analysis.Rmd)
    Error: processing vignette 'SGP_Data_Analysis.Rmd' failed with diagnostics:
    argument is of length zero
    --- failed re-building ‘SGP_Data_Analysis.Rmd’
    
    --- re-building ‘SGP_Data_Preparation.Rmd’ using rmarkdown
    Warning in engine$weave(file, quiet = quiet, encoding = enc) :
     Pandoc (>= 1.12.3) and/or pandoc-citeproc not available. Falling back to R Markdown v1.
    Quitting from lines 13-29 (SGP_Data_Preparation.Rmd)
    Error: processing vignette 'SGP_Data_Preparation.Rmd' failed with diagnostics:
    argument is of length zero
    --- failed re-building ‘SGP_Data_Preparation.Rmd’
    
    SUMMARY: processing the following files failed:
     ‘SGP.Rmd’ ‘SGP_Data_Analysis.Rmd’ ‘SGP_Data_Preparation.Rmd’
    
    Error: Vignette re-building failed.
    Execution halted
Flavor: r-patched-solaris-x86

Version: 1.9-5.0
Check: re-building of vignette outputs
Result: WARN
    Error(s) in re-building vignettes:
    --- re-building ‘SGP.Rmd’ using rmarkdown
    Warning in engine$weave(file, quiet = quiet, encoding = enc) :
     Pandoc (>= 1.12.3) and/or pandoc-citeproc not available. Falling back to R Markdown v1.
    Quitting from lines 13-29 (SGP.Rmd)
    Error: processing vignette 'SGP.Rmd' failed with diagnostics:
    argument is of length zero
    --- failed re-building ‘SGP.Rmd’
    
    --- re-building ‘SGP_Data_Analysis.Rmd’ using rmarkdown
    Warning in engine$weave(file, quiet = quiet, encoding = enc) :
     Pandoc (>= 1.12.3) and/or pandoc-citeproc not available. Falling back to R Markdown v1.
    Quitting from lines 13-29 (SGP_Data_Analysis.Rmd)
    Error: processing vignette 'SGP_Data_Analysis.Rmd' failed with diagnostics:
    argument is of length zero
    --- failed re-building ‘SGP_Data_Analysis.Rmd’
    
    --- re-building ‘SGP_Data_Preparation.Rmd’ using rmarkdown
    Warning in engine$weave(file, quiet = quiet, encoding = enc) :
     Pandoc (>= 1.12.3) and/or pandoc-citeproc not available. Falling back to R Markdown v1.
    Quitting from lines 13-29 (SGP_Data_Preparation.Rmd)
    Error: processing vignette 'SGP_Data_Preparation.Rmd' failed with diagnostics:
    argument is of length zero
    --- failed re-building ‘SGP_Data_Preparation.Rmd’
    
    SUMMARY: processing the following files failed:
     ‘SGP.Rmd’ ‘SGP_Data_Analysis.Rmd’ ‘SGP_Data_Preparation.Rmd’
    
    Error: Vignette re-building failed.
    Execution halted
Flavors: r-release-macos-x86_64, r-oldrel-macos-x86_64