CRAN Package Check Results for Package SGP

Last updated on 2018-07-17 02:47:56 CEST.

Flavor Version Tinstall Tcheck Ttotal Status Flags
r-devel-linux-x86_64-debian-clang 1.8-0.0 43.56 195.23 238.79 OK
r-devel-linux-x86_64-debian-gcc 1.8-0.0 34.06 169.25 203.31 OK
r-devel-linux-x86_64-fedora-clang 1.8-0.0 310.11 NOTE
r-devel-linux-x86_64-fedora-gcc 1.8-0.0 299.95 OK
r-devel-windows-ix86+x86_64 1.8-0.0 78.00 192.00 270.00 NOTE
r-patched-linux-x86_64 1.8-0.0 38.13 199.93 238.06 OK
r-patched-solaris-x86 1.8-0.0 374.80 WARN
r-release-linux-x86_64 1.8-0.0 42.51 200.80 243.31 OK
r-release-windows-ix86+x86_64 1.8-0.0 77.00 251.00 328.00 NOTE
r-release-osx-x86_64 1.8-0.0 WARN
r-oldrel-windows-ix86+x86_64 1.8-0.0 54.00 184.00 238.00 NOTE
r-oldrel-osx-x86_64 1.8-0.0 WARN

Check Details

Version: 1.8-0.0
Check: installed package size
Result: NOTE
     installed size is 5.6Mb
     sub-directories of 1Mb or more:
     R 1.2Mb
     doc 3.3Mb
Flavors: r-devel-linux-x86_64-fedora-clang, r-devel-windows-ix86+x86_64, r-patched-solaris-x86, r-release-windows-ix86+x86_64, r-release-osx-x86_64, r-oldrel-windows-ix86+x86_64, r-oldrel-osx-x86_64

Version: 1.8-0.0
Check: re-building of vignette outputs
Result: WARN
    Error in re-building vignettes:
     ...
    Warning in engine$weave(file, quiet = quiet, encoding = enc) :
     Pandoc (>= 1.12.3) and/or pandoc-citeproc not available. Falling back to R Markdown v1.
    Quitting from lines 13-29 (SGP.Rmd)
    Error: processing vignette 'SGP.Rmd' failed with diagnostics:
    argument is of length zero
    Execution halted
Flavors: r-patched-solaris-x86, r-release-osx-x86_64, r-oldrel-osx-x86_64