CRAN Package Check Results for Package SHELF

Last updated on 2018-04-19 14:48:27 CEST.

Flavor Version Tinstall Tcheck Ttotal Status Flags
r-devel-linux-x86_64-debian-clang 1.3.0 3.93 67.17 71.10 OK
r-devel-linux-x86_64-debian-gcc 1.3.0 4.79 57.96 62.75 OK
r-devel-linux-x86_64-fedora-clang 1.3.0 95.54 OK
r-devel-linux-x86_64-fedora-gcc 1.3.0 92.62 OK
r-devel-windows-ix86+x86_64 1.3.0 13.00 191.00 204.00 OK
r-devel-osx-x86_64 1.3.0 OK
r-patched-linux-x86_64 1.3.0 6.73 72.89 79.62 NOTE
r-patched-solaris-x86 1.3.0 103.70 OK
r-release-linux-x86_64 1.3.0 2.16 77.87 80.03 OK
r-release-windows-ix86+x86_64 1.3.0 9.00 166.00 175.00 OK
r-release-osx-x86_64 1.3.0 OK
r-oldrel-windows-ix86+x86_64 1.3.0 7.00 111.00 118.00 OK

Check Details

Version: 1.3.0
Check: DESCRIPTION meta-information
Result: NOTE
    Dependence on R version ‘3.3.1’ not with patchlevel 0
Flavor: r-patched-linux-x86_64