CRAN Package Check Results for Package SHELF

Last updated on 2018-06-23 16:46:59 CEST.

Flavor Version Tinstall Tcheck Ttotal Status Flags
r-devel-linux-x86_64-debian-clang 1.3.0 7.54 72.92 80.46 OK
r-devel-linux-x86_64-debian-gcc 1.3.0 5.29 57.32 62.61 OK
r-devel-linux-x86_64-fedora-clang 1.3.0 94.50 OK
r-devel-linux-x86_64-fedora-gcc 1.3.0 91.55 OK
r-devel-windows-ix86+x86_64 1.3.0 12.00 121.00 133.00 OK
r-patched-linux-x86_64 1.3.0 5.24 68.62 73.86 NOTE
r-patched-solaris-x86 1.3.0 103.10 OK
r-release-linux-x86_64 1.3.0 5.87 69.56 75.43 NOTE
r-release-windows-ix86+x86_64 1.3.0 15.00 158.00 173.00 OK
r-release-osx-x86_64 1.3.0 OK
r-oldrel-windows-ix86+x86_64 1.3.0 9.00 128.00 137.00 OK
r-oldrel-osx-x86_64 1.3.0 OK

Check Details

Version: 1.3.0
Check: DESCRIPTION meta-information
Result: NOTE
    Dependence on R version ‘3.3.1’ not with patchlevel 0
Flavors: r-patched-linux-x86_64, r-release-linux-x86_64