CRAN Package Check Results for Package SHELF

Last updated on 2018-01-21 07:47:36 CET.

Flavor Version Tinstall Tcheck Ttotal Status Flags
r-devel-linux-x86_64-debian-clang 1.3.0 2.53 81.44 83.97 NOTE
r-devel-linux-x86_64-debian-gcc 1.3.0 1.91 63.25 65.16 NOTE
r-devel-linux-x86_64-fedora-clang 1.3.0 101.01 NOTE
r-devel-linux-x86_64-fedora-gcc 1.3.0 95.91 NOTE
r-devel-windows-ix86+x86_64 1.3.0 6.00 149.00 155.00 OK
r-patched-linux-x86_64 1.3.0 2.53 81.04 83.57 OK
r-patched-solaris-x86 1.3.0 106.90 OK
r-release-linux-x86_64 1.3.0 2.37 79.75 82.12 OK
r-release-windows-ix86+x86_64 1.3.0 11.00 149.00 160.00 OK
r-release-osx-x86_64 1.3.0 OK
r-oldrel-windows-ix86+x86_64 1.3.0 9.00 131.00 140.00 OK
r-oldrel-osx-x86_64 1.3.0 OK

Check Details

Version: 1.3.0
Check: DESCRIPTION meta-information
Result: NOTE
    Dependence on R version ‘3.3.1’ not with patchlevel 0
Flavors: r-devel-linux-x86_64-debian-clang, r-devel-linux-x86_64-debian-gcc, r-devel-linux-x86_64-fedora-clang, r-devel-linux-x86_64-fedora-gcc