Last updated on 2023-03-26 08:57:05 CEST.
Flavor | Version | Tinstall | Tcheck | Ttotal | Status | Flags |
---|---|---|---|---|---|---|
r-devel-linux-x86_64-debian-clang | 0.1.8 | 147.80 | 115.08 | 262.88 | NOTE | |
r-devel-linux-x86_64-debian-gcc | 0.1.8 | 118.20 | 89.07 | 207.27 | NOTE | |
r-devel-linux-x86_64-fedora-gcc | 0.1.8 | 370.56 | NOTE | |||
r-devel-windows-x86_64 | 0.1.8 | 144.00 | 189.00 | 333.00 | NOTE | |
r-patched-linux-x86_64 | 0.1.8 | 136.36 | 111.37 | 247.73 | NOTE | |
r-release-linux-x86_64 | 0.1.8 | 128.34 | 104.66 | 233.00 | OK | |
r-release-macos-arm64 | 0.1.8 | 73.00 | ERROR | |||
r-release-macos-x86_64 | 0.1.8 | 109.00 | ERROR | |||
r-release-windows-x86_64 | 0.1.8 | 145.00 | 165.00 | 310.00 | OK | |
r-oldrel-macos-arm64 | 0.1.8 | 65.00 | ERROR | |||
r-oldrel-macos-x86_64 | 0.1.8 | 113.00 | ERROR | |||
r-oldrel-windows-ix86+x86_64 | 0.1.8 | 373.00 | 187.00 | 560.00 | ERROR |
Version: 0.1.8
Check: C++ specification
Result: NOTE
Specified C++11: please drop specification unless essential
Flavors: r-devel-linux-x86_64-debian-clang, r-devel-linux-x86_64-debian-gcc, r-devel-linux-x86_64-fedora-gcc, r-devel-windows-x86_64, r-patched-linux-x86_64
Version: 0.1.8
Check: PDF version of manual
Result: WARN
LaTeX errors when creating PDF version.
This typically indicates Rd problems.
LaTeX errors found:
! Undefined control sequence.
<argument> X \in \mathbb
{R}{n\times p}
l.3264 ...data \eqn{X \in \mathbb{R}{n\times p}}{}
such that its rows are
! Undefined control sequence.
<argument> ...Delta _{p-1} =\lbrace z \in \mathbb
{R}^p~|~z_j > 0, \sum _{i=...
l.3267 }{}
test whether the data is uniformly distributed.
Flavors: r-release-macos-arm64, r-release-macos-x86_64
Version: 0.1.8
Check: PDF version of manual without index
Result: ERROR
Flavors: r-release-macos-arm64, r-release-macos-x86_64
Version: 0.1.8
Check: PDF version of manual
Result: WARN
LaTeX errors when creating PDF version.
This typically indicates Rd problems.
LaTeX errors found:
! Undefined control sequence.
<argument> X \in \mathbb
{R}{n\times p}
l.3262 ...data \eqn{X \in \mathbb{R}{n\times p}}{}
such that its rows are
! Undefined control sequence.
<argument> ...Delta _{p-1} =\lbrace z \in \mathbb
{R}^p~|~z_j > 0, \sum _{i=...
l.3265 }{}
test whether the data is uniformly distributed.
Flavors: r-oldrel-macos-arm64, r-oldrel-macos-x86_64, r-oldrel-windows-ix86+x86_64
Version: 0.1.8
Check: PDF version of manual without hyperrefs or index
Result: ERROR
Flavors: r-oldrel-macos-arm64, r-oldrel-macos-x86_64, r-oldrel-windows-ix86+x86_64