CRAN Package Check Results for Package SHT

Last updated on 2022-12-02 07:53:34 CET.

Flavor Version Tinstall Tcheck Ttotal Status Flags
r-devel-linux-x86_64-debian-clang 0.1.8 167.74 112.53 280.27 OK
r-devel-linux-x86_64-debian-gcc 0.1.8 122.47 85.62 208.09 OK
r-devel-linux-x86_64-fedora-clang 0.1.8 403.63 OK
r-devel-linux-x86_64-fedora-gcc 0.1.8 348.88 OK
r-devel-windows-x86_64 0.1.8 139.00 178.00 317.00 OK
r-patched-linux-x86_64 0.1.8 137.37 103.15 240.52 OK
r-release-linux-x86_64 0.1.8 135.98 102.66 238.64 OK
r-release-macos-arm64 0.1.8 97.00 ERROR
r-release-macos-x86_64 0.1.8 115.00 ERROR
r-release-windows-x86_64 0.1.8 275.00 169.00 444.00 OK
r-oldrel-macos-arm64 0.1.8 98.00 ERROR
r-oldrel-macos-x86_64 0.1.8 114.00 ERROR
r-oldrel-windows-ix86+x86_64 0.1.8 376.00 189.00 565.00 ERROR

Check Details

Version: 0.1.8
Check: PDF version of manual
Result: WARN
    LaTeX errors when creating PDF version.
    This typically indicates Rd problems.
    LaTeX errors found:
    ! Undefined control sequence.
    <argument> X \in \mathbb
     {R}{n\times p}
    l.3264 ...data \eqn{X \in \mathbb{R}{n\times p}}{}
     such that its rows are
    ! Undefined control sequence.
    <argument> ...Delta _{p-1} =\lbrace z \in \mathbb
     {R}^p~|~z_j > 0, \sum _{i=...
    l.3267 }{}
     test whether the data is uniformly distributed.
Flavors: r-release-macos-arm64, r-release-macos-x86_64

Version: 0.1.8
Check: PDF version of manual without index
Result: ERROR
Flavors: r-release-macos-arm64, r-release-macos-x86_64

Version: 0.1.8
Check: PDF version of manual
Result: WARN
    LaTeX errors when creating PDF version.
    This typically indicates Rd problems.
    LaTeX errors found:
    ! Undefined control sequence.
    <argument> X \in \mathbb
     {R}{n\times p}
    l.3262 ...data \eqn{X \in \mathbb{R}{n\times p}}{}
     such that its rows are
    ! Undefined control sequence.
    <argument> ...Delta _{p-1} =\lbrace z \in \mathbb
     {R}^p~|~z_j > 0, \sum _{i=...
    l.3265 }{}
     test whether the data is uniformly distributed.
Flavors: r-oldrel-macos-arm64, r-oldrel-macos-x86_64, r-oldrel-windows-ix86+x86_64

Version: 0.1.8
Check: PDF version of manual without hyperrefs or index
Result: ERROR
Flavors: r-oldrel-macos-arm64, r-oldrel-macos-x86_64, r-oldrel-windows-ix86+x86_64