CRAN Package Check Results for Package SI

Last updated on 2024-05-26 08:05:24 CEST.

Flavor Version Tinstall Tcheck Ttotal Status Flags
r-devel-linux-x86_64-debian-clang 0.2.0 2.08 25.34 27.42 NOTE
r-devel-linux-x86_64-debian-gcc 0.2.0 1.61 19.92 21.53 NOTE
r-devel-linux-x86_64-fedora-clang 0.2.0 35.62 NOTE
r-devel-linux-x86_64-fedora-gcc 0.2.0 45.60 NOTE
r-devel-windows-x86_64 0.2.0 3.00 43.00 46.00 NOTE
r-patched-linux-x86_64 0.2.0 2.11 25.11 27.22 NOTE
r-release-linux-x86_64 0.2.0 1.70 24.25 25.95 NOTE
r-release-macos-arm64 0.2.0 20.00 NOTE
r-release-windows-x86_64 0.2.0 3.00 42.00 45.00 NOTE
r-oldrel-macos-arm64 0.2.0 21.00 NOTE
r-oldrel-macos-x86_64 0.2.0 34.00 NOTE
r-oldrel-windows-x86_64 0.2.0 3.00 45.00 48.00 NOTE

Check Details

Version: 0.2.0
Check: LazyData
Result: NOTE 'LazyData' is specified without a 'data' directory Flavors: r-devel-linux-x86_64-debian-clang, r-devel-linux-x86_64-debian-gcc, r-devel-linux-x86_64-fedora-clang, r-devel-linux-x86_64-fedora-gcc, r-devel-windows-x86_64, r-patched-linux-x86_64, r-release-linux-x86_64, r-release-macos-arm64, r-release-windows-x86_64, r-oldrel-macos-arm64, r-oldrel-macos-x86_64, r-oldrel-windows-x86_64