CRAN Package Check Results for Package SI

Last updated on 2022-11-29 22:05:12 CET.

Flavor Version Tinstall Tcheck Ttotal Status Flags
r-devel-linux-x86_64-debian-clang 0.2.0 1.86 24.40 26.26 NOTE
r-devel-linux-x86_64-debian-gcc 0.2.0 1.63 19.35 20.98 NOTE
r-devel-linux-x86_64-fedora-clang 0.2.0 44.16 NOTE
r-devel-linux-x86_64-fedora-gcc 0.2.0 43.13 NOTE
r-devel-windows-x86_64 0.2.0 13.00 58.00 71.00 NOTE
r-patched-linux-x86_64 0.2.0 2.26 23.65 25.91 NOTE
r-release-linux-x86_64 0.2.0 1.49 24.63 26.12 NOTE
r-release-macos-arm64 0.2.0 16.00 NOTE
r-release-macos-x86_64 0.2.0 23.00 NOTE
r-release-windows-x86_64 0.2.0 15.00 56.00 71.00 NOTE
r-oldrel-macos-arm64 0.2.0 17.00 NOTE
r-oldrel-macos-x86_64 0.2.0 29.00 NOTE
r-oldrel-windows-ix86+x86_64 0.2.0 6.00 51.00 57.00 NOTE

Check Details

Version: 0.2.0
Check: LazyData
Result: NOTE
     'LazyData' is specified without a 'data' directory
Flavors: r-devel-linux-x86_64-debian-clang, r-devel-linux-x86_64-debian-gcc, r-devel-linux-x86_64-fedora-clang, r-devel-linux-x86_64-fedora-gcc, r-devel-windows-x86_64, r-patched-linux-x86_64, r-release-linux-x86_64, r-release-macos-arm64, r-release-macos-x86_64, r-release-windows-x86_64, r-oldrel-macos-arm64, r-oldrel-macos-x86_64, r-oldrel-windows-ix86+x86_64