CRAN Package Check Results for Package SID

Last updated on 2021-12-06 14:54:05 CET.

Flavor Version Tinstall Tcheck Ttotal Status Flags
r-devel-linux-x86_64-debian-clang 1.0 8.71 79.22 87.93 NOTE
r-devel-linux-x86_64-debian-gcc 1.0 7.69 63.71 71.40 NOTE
r-devel-linux-x86_64-fedora-clang 1.0 110.01 NOTE
r-devel-linux-x86_64-fedora-gcc 1.0 98.77 NOTE
r-devel-windows-x86_64-new-UL 1.0 14.00 115.00 129.00 NOTE
r-devel-windows-x86_64-new-TK 1.0 NOTE
r-devel-windows-x86_64-old 1.0 13.00 72.00 85.00 NOTE
r-patched-linux-x86_64 1.0 7.36 70.11 77.47 NOTE
r-release-linux-x86_64 1.0 8.90 79.49 88.39 NOTE
r-release-macos-arm64 1.0 NOTE
r-release-macos-x86_64 1.0 NOTE
r-release-windows-ix86+x86_64 1.0 20.00 91.00 111.00 NOTE
r-oldrel-macos-x86_64 1.0 NOTE
r-oldrel-windows-ix86+x86_64 1.0 19.00 93.00 112.00 NOTE

Check Details

Version: 1.0
Check: R code for possible problems
Result: NOTE
    dSepAdji: no visible global function definition for 'as'
    dag2cpdagAdj: no visible global function definition for 'as'
    randomDAG: no visible global function definition for 'rbinom'
    structIntervDist: no visible global function definition for 'as'
    Undefined global functions or variables:
     as rbinom
    Consider adding
     importFrom("methods", "as")
     importFrom("stats", "rbinom")
    to your NAMESPACE file (and ensure that your DESCRIPTION Imports field
    contains 'methods').
Flavors: r-devel-linux-x86_64-debian-clang, r-devel-linux-x86_64-debian-gcc, r-devel-linux-x86_64-fedora-clang, r-devel-linux-x86_64-fedora-gcc, r-devel-windows-x86_64-new-UL, r-devel-windows-x86_64-new-TK, r-devel-windows-x86_64-old, r-patched-linux-x86_64, r-release-linux-x86_64, r-release-macos-arm64, r-release-macos-x86_64, r-release-windows-ix86+x86_64, r-oldrel-macos-x86_64, r-oldrel-windows-ix86+x86_64