CRAN Package Check Results for Package SIHR

Last updated on 2021-10-27 13:54:21 CEST.

Flavor Version Tinstall Tcheck Ttotal Status Flags
r-devel-linux-x86_64-debian-clang 0.2.0 14.38 450.65 465.03 OK
r-devel-linux-x86_64-debian-gcc 0.2.0 12.29 361.20 373.49 OK
r-devel-linux-x86_64-fedora-clang 0.2.0 577.30 NOTE
r-devel-linux-x86_64-fedora-gcc 0.2.0 583.65 NOTE
r-devel-windows-x86_64 0.2.0 22.00 526.00 548.00 OK
r-devel-windows-x86_64-gcc10-UCRT 0.2.0 NOTE
r-patched-linux-x86_64 0.2.0 13.97 448.39 462.36 OK
r-patched-solaris-x86 0.2.0 253.20 NOTE
r-release-linux-x86_64 0.2.0 12.52 448.41 460.93 OK
r-release-macos-arm64 0.2.0 NOTE
r-release-macos-x86_64 0.2.0 NOTE
r-release-windows-ix86+x86_64 0.2.0 23.00 527.00 550.00 OK
r-oldrel-macos-x86_64 0.2.0 NOTE
r-oldrel-windows-ix86+x86_64 0.2.0 24.00 401.00 425.00 OK

Check Details

Version: 0.2.0
Check: dependencies in R code
Result: NOTE
    Namespace in Imports field not imported from: ‘qpdf’
     All declared Imports should be used.
Flavors: r-devel-linux-x86_64-fedora-clang, r-devel-linux-x86_64-fedora-gcc, r-devel-windows-x86_64-gcc10-UCRT, r-patched-solaris-x86, r-release-macos-arm64, r-release-macos-x86_64, r-oldrel-macos-x86_64