Last updated on 2023-09-26 23:04:26 CEST.
Flavor | Version | Tinstall | Tcheck | Ttotal | Status | Flags |
---|---|---|---|---|---|---|
r-devel-linux-x86_64-debian-clang | 1.4.1 | 36.44 | 511.63 | 548.07 | OK | |
r-devel-linux-x86_64-debian-gcc | 1.4.1 | 28.46 | 385.09 | 413.55 | OK | |
r-devel-linux-x86_64-fedora-clang | 1.4.1 | 642.86 | OK | |||
r-devel-linux-x86_64-fedora-gcc | 1.4.1 | 701.01 | OK | |||
r-devel-windows-x86_64 | 1.4.1 | 29.00 | 343.00 | 372.00 | OK | |
r-patched-linux-x86_64 | 1.4.1 | 28.28 | 480.58 | 508.86 | OK | |
r-release-linux-x86_64 | 1.4.1 | 27.18 | 499.12 | 526.30 | OK | |
r-release-macos-arm64 | 1.4.1 | 5.00 | ERROR | |||
r-release-macos-x86_64 | 1.4.1 | 7.00 | ERROR | |||
r-release-windows-x86_64 | 1.4.1 | 38.00 | 468.00 | 506.00 | OK | |
r-oldrel-macos-arm64 | 1.4.1 | 130.00 | OK | |||
r-oldrel-macos-x86_64 | 1.4.1 | 262.00 | OK | |||
r-oldrel-windows-x86_64 | 1.4.1 | 50.00 | 512.00 | 562.00 | OK |
Version: 1.4.1
Check: package dependencies
Result: ERROR
Packages required but not available: 'HTSSIP', 'phyloseq'
See section ‘The DESCRIPTION file’ in the ‘Writing R Extensions’
manual.
Flavors: r-release-macos-arm64, r-release-macos-x86_64