CRAN Package Check Results for Package SISIR

Last updated on 2024-02-21 04:55:52 CET.

Flavor Version Tinstall Tcheck Ttotal Status Flags
r-devel-linux-x86_64-debian-clang 0.2.2 NOTE
r-devel-linux-x86_64-debian-gcc 0.2.2 13.47 214.53 228.00 NOTE
r-devel-linux-x86_64-fedora-clang 0.2.2 363.24 OK
r-devel-linux-x86_64-fedora-gcc 0.2.2 382.82 OK
r-devel-windows-x86_64 0.2.2 14.00 195.00 209.00 OK
r-patched-linux-x86_64 0.2.2 12.89 267.48 280.37 OK
r-release-linux-x86_64 0.2.2 11.37 270.67 282.04 OK
r-release-macos-arm64 0.2.2 109.00 OK
r-release-macos-x86_64 0.2.2 174.00 OK
r-release-windows-x86_64 0.2.2 19.00 266.00 285.00 OK
r-oldrel-macos-arm64 0.2.2 119.00 OK
r-oldrel-windows-x86_64 0.2.2 20.00 254.00 274.00 OK

Check Details

Version: 0.2.2
Check: Rd files
Result: NOTE checkRd: (-1) SISIR.Rd:41: Lost braces in \itemize; \value handles \item{}{} directly checkRd: (-1) SISIR.Rd:42-43: Lost braces in \itemize; \value handles \item{}{} directly checkRd: (-1) SISIR.Rd:44: Lost braces in \itemize; \value handles \item{}{} directly checkRd: (-1) SISIR.Rd:45-47: Lost braces in \itemize; \value handles \item{}{} directly checkRd: (-1) SISIR.Rd:48-49: Lost braces in \itemize; \value handles \item{}{} directly checkRd: (-1) SISIR.Rd:50: Lost braces in \itemize; \value handles \item{}{} directly checkRd: (-1) ridgeSIR.Rd:23: Lost braces in \itemize; \value handles \item{}{} directly checkRd: (-1) ridgeSIR.Rd:24-25: Lost braces in \itemize; \value handles \item{}{} directly checkRd: (-1) ridgeSIR.Rd:26-27: Lost braces in \itemize; \value handles \item{}{} directly checkRd: (-1) ridgeSIR.Rd:28-33: Lost braces in \itemize; \value handles \item{}{} directly checkRd: (-1) ridgeSIR.Rd:30: Lost braces in \itemize; \value handles \item{}{} directly checkRd: (-1) ridgeSIR.Rd:31: Lost braces in \itemize; \value handles \item{}{} directly checkRd: (-1) ridgeSIR.Rd:32: Lost braces in \itemize; \value handles \item{}{} directly checkRd: (-1) ridgeSIR.Rd:34-40: Lost braces in \itemize; \value handles \item{}{} directly checkRd: (-1) ridgeSIR.Rd:36: Lost braces in \itemize; \value handles \item{}{} directly checkRd: (-1) ridgeSIR.Rd:37: Lost braces in \itemize; \value handles \item{}{} directly checkRd: (-1) ridgeSIR.Rd:38-39: Lost braces in \itemize; \value handles \item{}{} directly checkRd: (-1) sparseSIR.Rd:38: Lost braces in \itemize; \value handles \item{}{} directly checkRd: (-1) sparseSIR.Rd:39-40: Lost braces in \itemize; \value handles \item{}{} directly checkRd: (-1) sparseSIR.Rd:41-42: Lost braces in \itemize; \value handles \item{}{} directly checkRd: (-1) sparseSIR.Rd:43-47: Lost braces in \itemize; \value handles \item{}{} directly checkRd: (-1) sparseSIR.Rd:45: Lost braces in \itemize; \value handles \item{}{} directly checkRd: (-1) sparseSIR.Rd:46: Lost braces in \itemize; \value handles \item{}{} directly checkRd: (-1) sparseSIR.Rd:48-53: Lost braces in \itemize; \value handles \item{}{} directly checkRd: (-1) sparseSIR.Rd:50: Lost braces in \itemize; \value handles \item{}{} directly checkRd: (-1) sparseSIR.Rd:51-52: Lost braces in \itemize; \value handles \item{}{} directly checkRd: (-1) sparseSIR.Rd:54: Lost braces in \itemize; \value handles \item{}{} directly checkRd: (-1) sparseSIR.Rd:55-60: Lost braces in \itemize; \value handles \item{}{} directly Flavors: r-devel-linux-x86_64-debian-clang, r-devel-linux-x86_64-debian-gcc