CRAN Package Check Results for Package SIT

Last updated on 2023-06-07 13:02:06 CEST.

Flavor Version Tinstall Tcheck Ttotal Status Flags
r-devel-linux-x86_64-debian-clang 0.1.0 28.49 30.56 59.05 NOTE
r-devel-linux-x86_64-debian-gcc 0.1.0 22.00 24.17 46.17 NOTE
r-devel-linux-x86_64-fedora-clang 0.1.0 87.96 NOTE
r-devel-linux-x86_64-fedora-gcc 0.1.0 82.13 NOTE
r-devel-windows-x86_64 0.1.0 25.00 64.00 89.00 NOTE
r-patched-linux-x86_64 0.1.0 28.21 29.35 57.56 NOTE
r-release-linux-x86_64 0.1.0 26.01 30.08 56.09 NOTE
r-release-macos-arm64 0.1.0 26.00 NOTE
r-release-macos-x86_64 0.1.0 43.00 NOTE
r-release-windows-x86_64 0.1.0 31.00 71.00 102.00 NOTE
r-oldrel-macos-arm64 0.1.0 28.00 OK
r-oldrel-macos-x86_64 0.1.0 36.00 OK
r-oldrel-windows-x86_64 0.1.0 30.00 72.00 102.00 OK

Check Details

Version: 0.1.0
Check: C++ specification
Result: NOTE
     Specified C++11: please drop specification unless essential
Flavors: r-devel-linux-x86_64-debian-clang, r-devel-linux-x86_64-debian-gcc, r-devel-linux-x86_64-fedora-clang, r-devel-linux-x86_64-fedora-gcc, r-devel-windows-x86_64, r-patched-linux-x86_64, r-release-linux-x86_64, r-release-macos-arm64, r-release-macos-x86_64, r-release-windows-x86_64