CRAN Package Check Results for Package SLBDD

Last updated on 2021-06-16 18:51:11 CEST.

Flavor Version Tinstall Tcheck Ttotal Status Flags
r-devel-linux-x86_64-debian-clang 0.0.2 49.91 259.26 309.17 OK
r-devel-linux-x86_64-debian-gcc 0.0.2 38.21 188.68 226.89 OK
r-devel-linux-x86_64-fedora-clang 0.0.2 387.32 NOTE
r-devel-linux-x86_64-fedora-gcc 0.0.2 388.31 NOTE
r-devel-windows-x86_64 0.0.2 68.00 289.00 357.00 NOTE
r-devel-windows-x86_64-gcc10-UCRT 0.0.2 NOTE
r-patched-linux-x86_64 0.0.2 47.96 243.44 291.40 OK
r-patched-solaris-x86 0.0.2 552.90 NOTE
r-release-linux-x86_64 0.0.2 48.07 243.06 291.13 OK
r-release-macos-arm64 0.0.2 NOTE
r-release-macos-x86_64 0.0.2 NOTE
r-release-windows-ix86+x86_64 0.0.2 83.00 286.00 369.00 NOTE
r-oldrel-macos-x86_64 0.0.2 NOTE
r-oldrel-windows-ix86+x86_64 0.0.2 63.00 294.00 357.00 NOTE

Check Details

Version: 0.0.2
Check: installed package size
Result: NOTE
     installed size is 5.0Mb
     sub-directories of 1Mb or more:
     data 4.6Mb
Flavors: r-devel-linux-x86_64-fedora-clang, r-devel-windows-x86_64, r-patched-solaris-x86, r-release-macos-arm64, r-release-macos-x86_64, r-release-windows-ix86+x86_64, r-oldrel-macos-x86_64, r-oldrel-windows-ix86+x86_64

Version: 0.0.2
Check: data for non-ASCII characters
Result: NOTE
     Note: found 23 marked UTF-8 strings
Flavors: r-devel-linux-x86_64-fedora-clang, r-devel-linux-x86_64-fedora-gcc, r-devel-windows-x86_64-gcc10-UCRT, r-patched-solaris-x86, r-release-macos-arm64, r-release-macos-x86_64, r-oldrel-macos-x86_64