CRAN Package Check Results for Package SLDAssay

Last updated on 2024-07-16 02:54:12 CEST.

Flavor Version Tinstall Tcheck Ttotal Status Flags
r-devel-linux-x86_64-debian-clang 1.8 2.63 26.01 28.64 NOTE
r-devel-linux-x86_64-debian-gcc 1.8 1.96 20.03 21.99 NOTE
r-devel-linux-x86_64-fedora-clang 1.8 35.70 NOTE
r-devel-linux-x86_64-fedora-gcc 1.8 35.97 NOTE
r-devel-windows-x86_64 1.8 3.00 47.00 50.00 NOTE
r-patched-linux-x86_64 1.8 2.04 25.12 27.16 NOTE
r-release-linux-x86_64 1.8 2.30 25.12 27.42 NOTE
r-release-macos-arm64 1.8 16.00 NOTE
r-release-macos-x86_64 1.8 24.00 NOTE
r-release-windows-x86_64 1.8 4.00 45.00 49.00 NOTE
r-oldrel-macos-arm64 1.8 20.00 NOTE
r-oldrel-macos-x86_64 1.8 22.00 NOTE
r-oldrel-windows-x86_64 1.8 4.00 46.00 50.00 NOTE

Check Details

Version: 1.8
Check: LazyData
Result: NOTE 'LazyData' is specified without a 'data' directory Flavors: r-devel-linux-x86_64-debian-clang, r-devel-linux-x86_64-debian-gcc, r-devel-linux-x86_64-fedora-clang, r-devel-linux-x86_64-fedora-gcc, r-devel-windows-x86_64, r-patched-linux-x86_64, r-release-linux-x86_64, r-release-macos-arm64, r-release-macos-x86_64, r-release-windows-x86_64, r-oldrel-macos-arm64, r-oldrel-macos-x86_64, r-oldrel-windows-x86_64