CRAN Package Check Results for Package SLHD

Last updated on 2021-12-03 10:51:06 CET.

Flavor Version Tinstall Tcheck Ttotal Status Flags
r-devel-linux-x86_64-debian-clang 2.1-1 3.45 18.39 21.84 OK
r-devel-linux-x86_64-debian-gcc 2.1-1 2.51 15.02 17.53 OK
r-devel-linux-x86_64-fedora-clang 2.1-1 40.05 NOTE
r-devel-linux-x86_64-fedora-gcc 2.1-1 27.38 NOTE
r-devel-windows-x86_64-new-UL 2.1-1 7.00 51.00 58.00 OK
r-devel-windows-x86_64-new-TK 2.1-1 OK
r-devel-windows-x86_64-old 2.1-1 5.00 28.00 33.00 OK
r-patched-linux-x86_64 2.1-1 2.65 18.19 20.84 OK
r-patched-solaris-x86 2.1-1 46.80 OK
r-release-linux-x86_64 2.1-1 3.13 18.18 21.31 OK
r-release-macos-arm64 2.1-1 OK
r-release-macos-x86_64 2.1-1 OK
r-release-windows-ix86+x86_64 2.1-1 8.00 44.00 52.00 OK
r-oldrel-macos-x86_64 2.1-1 OK
r-oldrel-windows-ix86+x86_64 2.1-1 7.00 41.00 48.00 OK

Check Details

Version: 2.1-1
Check: compiled code
Result: NOTE
    File ‘SLHD/libs/SLHD.so’:
     Found no calls to: ‘R_registerRoutines’, ‘R_useDynamicSymbols’
    
    It is good practice to register native routines and to disable symbol
    search.
    
    See ‘Writing portable packages’ in the ‘Writing R Extensions’ manual.
Flavors: r-devel-linux-x86_64-fedora-clang, r-devel-linux-x86_64-fedora-gcc