CRAN Package Check Results for Package SLHD

Last updated on 2024-07-18 05:52:14 CEST.

Flavor Version Tinstall Tcheck Ttotal Status Flags
r-devel-linux-x86_64-debian-clang 2.1-1 4.10 20.64 24.74 OK
r-devel-linux-x86_64-debian-gcc 2.1-1 2.92 16.22 19.14 OK
r-devel-linux-x86_64-fedora-clang 2.1-1 32.54 NOTE
r-devel-linux-x86_64-fedora-gcc 2.1-1 32.36 NOTE
r-devel-windows-x86_64 2.1-1 6.00 45.00 51.00 OK
r-patched-linux-x86_64 2.1-1 2.97 19.91 22.88 OK
r-release-linux-x86_64 2.1-1 3.35 20.49 23.84 OK
r-release-macos-arm64 2.1-1 16.00 OK
r-release-macos-x86_64 2.1-1 22.00 OK
r-release-windows-x86_64 2.1-1 6.00 44.00 50.00 OK
r-oldrel-macos-arm64 2.1-1 16.00 OK
r-oldrel-macos-x86_64 2.1-1 20.00 OK
r-oldrel-windows-x86_64 2.1-1 6.00 43.00 49.00 OK

Check Details

Version: 2.1-1
Check: compiled code
Result: NOTE File ‘SLHD/libs/SLHD.so’: Found no calls to: ‘R_registerRoutines’, ‘R_useDynamicSymbols’ It is good practice to register native routines and to disable symbol search. See ‘Writing portable packages’ in the ‘Writing R Extensions’ manual. Flavors: r-devel-linux-x86_64-fedora-clang, r-devel-linux-x86_64-fedora-gcc