Last updated on 2022-06-27 21:51:31 CEST.
Flavor | Version | Tinstall | Tcheck | Ttotal | Status | Flags |
---|---|---|---|---|---|---|
r-devel-linux-x86_64-debian-clang | 0.1.2 | 2.93 | 38.64 | 41.57 | OK | |
r-devel-linux-x86_64-debian-gcc | 0.1.2 | 2.12 | 29.25 | 31.37 | OK | |
r-devel-linux-x86_64-fedora-clang | 0.1.2 | 57.73 | WARN | |||
r-devel-linux-x86_64-fedora-gcc | 0.1.2 | 58.26 | WARN | |||
r-devel-windows-x86_64 | 0.1.2 | 9.00 | 60.00 | 69.00 | OK | |
r-patched-linux-x86_64 | 0.1.2 | 2.90 | 36.65 | 39.55 | OK | |
r-release-linux-x86_64 | 0.1.2 | 2.75 | 36.58 | 39.33 | OK | |
r-release-macos-arm64 | 0.1.2 | 21.00 | OK | |||
r-release-macos-x86_64 | 0.1.2 | 25.00 | OK | |||
r-release-windows-x86_64 | 0.1.2 | 9.00 | 59.00 | 68.00 | OK | |
r-oldrel-macos-arm64 | 0.1.2 | 16.00 | OK | |||
r-oldrel-macos-x86_64 | 0.1.2 | 24.00 | OK | |||
r-oldrel-windows-ix86+x86_64 | 0.1.2 | 6.00 | 60.00 | 66.00 | OK |
Version: 0.1.2
Check: package dependencies
Result: WARN
Requires (indirectly) orphaned package: ‘gtools’
Flavors: r-devel-linux-x86_64-fedora-clang, r-devel-linux-x86_64-fedora-gcc