CRAN Package Check Results for Package SLTCA

Last updated on 2022-07-03 12:52:52 CEST.

Flavor Version Tinstall Tcheck Ttotal Status Flags
r-devel-linux-x86_64-debian-clang 0.1.0 3.87 44.53 48.40 NOTE
r-devel-linux-x86_64-debian-gcc 0.1.0 3.66 33.78 37.44 NOTE
r-devel-linux-x86_64-fedora-clang 0.1.0 67.30 NOTE
r-devel-linux-x86_64-fedora-gcc 0.1.0 66.48 NOTE
r-devel-windows-x86_64 0.1.0 8.00 67.00 75.00 NOTE
r-patched-linux-x86_64 0.1.0 4.48 41.63 46.11 NOTE
r-release-linux-x86_64 0.1.0 2.85 42.36 45.21 NOTE
r-release-macos-arm64 0.1.0 21.00 NOTE
r-release-macos-x86_64 0.1.0 34.00 NOTE
r-release-windows-x86_64 0.1.0 8.00 65.00 73.00 NOTE
r-oldrel-macos-arm64 0.1.0 26.00 NOTE
r-oldrel-macos-x86_64 0.1.0 40.00 NOTE
r-oldrel-windows-ix86+x86_64 0.1.0 9.00 66.00 75.00 NOTE

Check Details

Version: 0.1.0
Check: LazyData
Result: NOTE
     'LazyData' is specified without a 'data' directory
Flavors: r-devel-linux-x86_64-debian-clang, r-devel-linux-x86_64-debian-gcc, r-devel-linux-x86_64-fedora-clang, r-devel-linux-x86_64-fedora-gcc, r-devel-windows-x86_64, r-patched-linux-x86_64, r-release-linux-x86_64, r-release-macos-arm64, r-release-macos-x86_64, r-release-windows-x86_64, r-oldrel-macos-arm64, r-oldrel-macos-x86_64, r-oldrel-windows-ix86+x86_64