CRAN Package Check Results for Package SMARTAR

Last updated on 2020-09-22 06:47:43 CEST.

Flavor Version Tinstall Tcheck Ttotal Status Flags
r-devel-linux-x86_64-debian-clang 1.1.0 8.89 56.08 64.97 OK
r-devel-linux-x86_64-debian-gcc 1.1.0 0.35 2.28 2.63 ERROR
r-devel-linux-x86_64-fedora-clang 1.1.0 88.81 OK
r-devel-linux-x86_64-fedora-gcc 1.1.0 80.44 OK
r-devel-windows-ix86+x86_64 1.1.0 15.00 58.00 73.00 OK
r-patched-linux-x86_64 1.1.0 9.20 55.77 64.97 OK
r-patched-solaris-x86 1.1.0 101.90 OK
r-release-linux-x86_64 1.1.0 8.58 56.20 64.78 OK
r-release-macos-x86_64 1.1.0 OK
r-release-windows-ix86+x86_64 1.1.0 19.00 75.00 94.00 OK
r-oldrel-macos-x86_64 1.1.0 OK
r-oldrel-windows-ix86+x86_64 1.1.0 10.00 62.00 72.00 OK

Check Details

Version: 1.1.0
Check: whether package can be installed
Result: ERROR
    Installation failed.
Flavor: r-devel-linux-x86_64-debian-gcc