CRAN Package Check Results for Package SMARTp

Last updated on 2023-03-30 09:55:25 CEST.

Flavor Version Tinstall Tcheck Ttotal Status Flags
r-devel-linux-x86_64-debian-clang 0.1.1 3.55 37.71 41.26 NOTE
r-devel-linux-x86_64-debian-gcc 0.1.1 2.70 29.46 32.16 NOTE
r-devel-linux-x86_64-fedora-clang 0.1.1 51.89 NOTE
r-devel-linux-x86_64-fedora-gcc 0.1.1 51.45 NOTE
r-devel-windows-x86_64 0.1.1 12.00 73.00 85.00 NOTE
r-patched-linux-x86_64 0.1.1 3.23 37.30 40.53 NOTE
r-release-linux-x86_64 0.1.1 3.58 37.96 41.54 NOTE
r-release-macos-arm64 0.1.1 19.00 NOTE
r-release-macos-x86_64 0.1.1 30.00 NOTE
r-release-windows-x86_64 0.1.1 15.00 79.00 94.00 NOTE
r-oldrel-macos-arm64 0.1.1 26.00 NOTE
r-oldrel-macos-x86_64 0.1.1 35.00 NOTE
r-oldrel-windows-ix86+x86_64 0.1.1 10.00 70.00 80.00 NOTE

Check Details

Version: 0.1.1
Check: LazyData
Result: NOTE
     'LazyData' is specified without a 'data' directory
Flavors: r-devel-linux-x86_64-debian-clang, r-devel-linux-x86_64-debian-gcc, r-devel-linux-x86_64-fedora-clang, r-devel-linux-x86_64-fedora-gcc, r-devel-windows-x86_64, r-patched-linux-x86_64, r-release-linux-x86_64, r-release-macos-arm64, r-release-macos-x86_64, r-release-windows-x86_64, r-oldrel-macos-arm64, r-oldrel-macos-x86_64, r-oldrel-windows-ix86+x86_64

Version: 0.1.1
Check: dependencies in R code
Result: NOTE
    Namespace in Imports field not imported from: ‘covr’
     All declared Imports should be used.
Flavors: r-devel-linux-x86_64-fedora-clang, r-devel-linux-x86_64-fedora-gcc, r-release-macos-arm64, r-release-macos-x86_64, r-oldrel-macos-arm64, r-oldrel-macos-x86_64