CRAN Package Check Results for Package SMCRM

Last updated on 2021-06-13 21:48:27 CEST.

Flavor Version Tinstall Tcheck Ttotal Status Flags
r-devel-linux-x86_64-debian-clang 0.0-3 1.61 22.87 24.48 NOTE
r-devel-linux-x86_64-debian-gcc 0.0-3 1.41 18.64 20.05 NOTE
r-devel-linux-x86_64-fedora-clang 0.0-3 40.30 NOTE
r-devel-linux-x86_64-fedora-gcc 0.0-3 29.57 NOTE
r-devel-windows-x86_64 0.0-3 3.00 30.00 33.00 NOTE
r-devel-windows-x86_64-gcc10-UCRT 0.0-3 NOTE
r-patched-linux-x86_64 0.0-3 1.98 22.67 24.65 NOTE
r-patched-solaris-x86 0.0-3 47.90 NOTE
r-release-linux-x86_64 0.0-3 1.77 22.39 24.16 NOTE
r-release-macos-arm64 0.0-3 NOTE
r-release-macos-x86_64 0.0-3 NOTE
r-release-windows-ix86+x86_64 0.0-3 3.00 26.00 29.00 NOTE
r-oldrel-macos-x86_64 0.0-3 NOTE
r-oldrel-windows-ix86+x86_64 0.0-3 4.00 36.00 40.00 NOTE

Check Details

Version: 0.0-3
Check: DESCRIPTION meta-information
Result: NOTE
    Malformed Title field: should not end in a period.
Flavors: r-devel-linux-x86_64-debian-clang, r-devel-linux-x86_64-debian-gcc, r-devel-linux-x86_64-fedora-clang, r-devel-linux-x86_64-fedora-gcc, r-devel-windows-x86_64, r-devel-windows-x86_64-gcc10-UCRT, r-patched-linux-x86_64, r-patched-solaris-x86, r-release-linux-x86_64, r-release-macos-arm64, r-release-macos-x86_64, r-release-windows-ix86+x86_64, r-oldrel-macos-x86_64, r-oldrel-windows-ix86+x86_64