CRAN Package Check Results for Package SMFilter

Last updated on 2024-02-28 01:54:25 CET.

Flavor Version Tinstall Tcheck Ttotal Status Flags
r-devel-linux-x86_64-debian-clang 1.0.3 3.24 50.95 54.19 NOTE
r-devel-linux-x86_64-debian-gcc 1.0.3 2.56 36.96 39.52 NOTE
r-devel-linux-x86_64-fedora-clang 1.0.3 68.64 NOTE
r-devel-linux-x86_64-fedora-gcc 1.0.3 80.26 NOTE
r-devel-windows-x86_64 1.0.3 3.00 57.00 60.00 NOTE
r-patched-linux-x86_64 1.0.3 2.50 53.61 56.11 NOTE
r-release-linux-x86_64 1.0.3 2.44 54.59 57.03 NOTE
r-release-macos-arm64 1.0.3 29.00 NOTE
r-release-macos-x86_64 1.0.3 46.00 NOTE
r-release-windows-x86_64 1.0.3 4.00 67.00 71.00 NOTE
r-oldrel-macos-arm64 1.0.3 25.00 NOTE
r-oldrel-windows-x86_64 1.0.3 5.00 70.00 75.00 NOTE

Check Details

Version: 1.0.3
Check: Rd files
Result: NOTE checkRd: (-1) SimModel1.Rd:21: Lost braces; missing escapes or markup? 21 | \item{beta}{the \eqn{\beta} matrix, iqx+ip*ik, y_{1,t-1},y_{1,t-2},...,y_{2,t-1},y_{2,t-2},...} | ^ checkRd: (-1) SimModel1.Rd:21: Lost braces; missing escapes or markup? 21 | \item{beta}{the \eqn{\beta} matrix, iqx+ip*ik, y_{1,t-1},y_{1,t-2},...,y_{2,t-1},y_{2,t-2},...} | ^ checkRd: (-1) SimModel1.Rd:21: Lost braces; missing escapes or markup? 21 | \item{beta}{the \eqn{\beta} matrix, iqx+ip*ik, y_{1,t-1},y_{1,t-2},...,y_{2,t-1},y_{2,t-2},...} | ^ checkRd: (-1) SimModel1.Rd:21: Lost braces; missing escapes or markup? 21 | \item{beta}{the \eqn{\beta} matrix, iqx+ip*ik, y_{1,t-1},y_{1,t-2},...,y_{2,t-1},y_{2,t-2},...} | ^ checkRd: (-1) SimModel2.Rd:19: Lost braces; missing escapes or markup? 19 | \item{beta_0}{the initial beta, iqx+ip*ik, y_{1,t-1},y_{1,t-2},...,y_{2,t-1},y_{2,t-2},....} | ^ checkRd: (-1) SimModel2.Rd:19: Lost braces; missing escapes or markup? 19 | \item{beta_0}{the initial beta, iqx+ip*ik, y_{1,t-1},y_{1,t-2},...,y_{2,t-1},y_{2,t-2},....} | ^ checkRd: (-1) SimModel2.Rd:19: Lost braces; missing escapes or markup? 19 | \item{beta_0}{the initial beta, iqx+ip*ik, y_{1,t-1},y_{1,t-2},...,y_{2,t-1},y_{2,t-2},....} | ^ checkRd: (-1) SimModel2.Rd:19: Lost braces; missing escapes or markup? 19 | \item{beta_0}{the initial beta, iqx+ip*ik, y_{1,t-1},y_{1,t-2},...,y_{2,t-1},y_{2,t-2},....} | ^ Flavors: r-devel-linux-x86_64-debian-clang, r-devel-linux-x86_64-debian-gcc, r-devel-linux-x86_64-fedora-clang, r-devel-linux-x86_64-fedora-gcc

Version: 1.0.3
Check: LazyData
Result: NOTE 'LazyData' is specified without a 'data' directory Flavors: r-devel-linux-x86_64-debian-clang, r-devel-linux-x86_64-debian-gcc, r-devel-linux-x86_64-fedora-clang, r-devel-linux-x86_64-fedora-gcc, r-devel-windows-x86_64, r-patched-linux-x86_64, r-release-linux-x86_64, r-release-macos-arm64, r-release-macos-x86_64, r-release-windows-x86_64, r-oldrel-macos-arm64, r-oldrel-windows-x86_64