CRAN Package Check Results for Package SMFilter

Last updated on 2019-03-23 13:49:41 CET.

Flavor Version Tinstall Tcheck Ttotal Status Flags
r-devel-linux-x86_64-debian-clang 1.0.3 2.73 42.63 45.36 WARN
r-devel-linux-x86_64-debian-gcc 1.0.3 1.90 33.51 35.41 OK
r-devel-linux-x86_64-fedora-clang 1.0.3 54.71 OK
r-devel-linux-x86_64-fedora-gcc 1.0.3 53.32 OK
r-devel-windows-ix86+x86_64 1.0.3 7.00 71.00 78.00 OK
r-patched-linux-x86_64 1.0.3 1.52 42.43 43.95 OK
r-patched-solaris-x86 1.0.3 78.70 OK
r-release-linux-x86_64 1.0.3 0.30 2.24 2.54 ERROR
r-release-windows-ix86+x86_64 1.0.3 3.00 54.00 57.00 OK
r-release-osx-x86_64 1.0.3 OK
r-oldrel-windows-ix86+x86_64 1.0.3 2.00 73.00 75.00 OK
r-oldrel-osx-x86_64 1.0.3 OK

Check Details

Version: 1.0.3
Check: whether package can be installed
Result: WARN
    Found the following significant warnings:
     Warning: unable to re-encode 'utils.R' lines 180, 230
Flavor: r-devel-linux-x86_64-debian-clang

Version: 1.0.3
Check: whether package can be installed
Result: ERROR
    Installation failed.
Flavor: r-release-linux-x86_64