CRAN Package Check Results for Package SMM

Last updated on 2020-05-28 14:50:46 CEST.

Flavor Version Tinstall Tcheck Ttotal Status Flags
r-devel-linux-x86_64-debian-clang 1.0.2 14.94 82.89 97.83 OK
r-devel-linux-x86_64-debian-gcc 1.0.2 12.70 62.54 75.24 OK
r-devel-linux-x86_64-fedora-clang 1.0.2 117.84 OK
r-devel-linux-x86_64-fedora-gcc 1.0.2 115.74 OK
r-devel-windows-ix86+x86_64 1.0.2 27.00 118.00 145.00 OK
r-patched-linux-x86_64 1.0.2 13.69 81.94 95.63 OK
r-patched-solaris-x86 1.0.2 142.50 OK
r-release-linux-x86_64 1.0.2 14.50 83.06 97.56 OK
r-release-osx-x86_64 1.0.2 OK
r-release-windows-ix86+x86_64 1.0.2 21.00 116.00 137.00 OK
r-oldrel-osx-x86_64 1.0.2 WARN
r-oldrel-windows-ix86+x86_64 1.0.2 27.00 88.00 115.00 OK

Check Details

Version: 1.0.2
Check: re-building of vignette outputs
Result: WARN
    Error(s) in re-building vignettes:
     ...
    --- re-building ‘smm.Rnw’ using Sweave
    Error: processing vignette 'smm.Rnw' failed with diagnostics:
    Running 'texi2dvi' on 'smm.tex' failed.
    LaTeX errors:
    !pdfTeX error: pdflatex (file bbm10): Font bbm10 at 657 not found
     ==> Fatal error occurred, no output PDF file produced!
    --- failed re-building ‘smm.Rnw’
    
    SUMMARY: processing the following file failed:
     ‘smm.Rnw’
    
    Error: Vignette re-building failed.
    Execution halted
Flavor: r-oldrel-osx-x86_64