CRAN Package Check Results for Package SMM

Last updated on 2021-01-24 16:46:49 CET.

Flavor Version Tinstall Tcheck Ttotal Status Flags
r-devel-linux-x86_64-debian-clang 1.0.2 15.00 95.30 110.30 OK
r-devel-linux-x86_64-debian-gcc 1.0.2 13.56 71.96 85.52 OK
r-devel-linux-x86_64-fedora-clang 1.0.2 142.24 OK
r-devel-linux-x86_64-fedora-gcc 1.0.2 132.94 OK
r-devel-windows-ix86+x86_64 1.0.2 25.00 112.00 137.00 OK
r-patched-linux-x86_64 1.0.2 13.52 87.57 101.09 OK
r-patched-solaris-x86 1.0.2 157.00 OK
r-release-linux-x86_64 1.0.2 13.95 89.29 103.24 WARN
r-release-macos-x86_64 1.0.2 OK
r-release-windows-ix86+x86_64 1.0.2 17.00 110.00 127.00 OK
r-oldrel-macos-x86_64 1.0.2 WARN
r-oldrel-windows-ix86+x86_64 1.0.2 17.00 110.00 127.00 OK

Check Details

Version: 1.0.2
Check: re-building of vignette outputs
Result: WARN
    Error(s) in re-building vignettes:
     ...
    --- re-building ‘smm.Rnw’ using Sweave
    Error: processing vignette 'smm.Rnw' failed with diagnostics:
    Running ‘texi2dvi’ on ‘smm.tex’ failed.
    LaTeX errors:
    ! Undefined control sequence.
    <recently read> \Hy@colorlink
    
    l.220 \begin{document}
    
    ! Undefined control sequence.
    \close@pdflink ->\Hy@endcolorlink
     \Hy@VerboseLinkStop \pdfendlink
    l.220 \begin{document}
    
    ! Undefined control sequence.
    <recently read> \Hy@colorlink
    
    l.220 \begin{document}
    
    ! Undefined control sequence.
    \close@pdflink ->\Hy@endcolorlink
     \Hy@VerboseLinkStop \pdfendlink
    l.220 \begin{document}
    
    ! Undefined control sequence.
    <recently read> \Hy@colorlink
    
    l.220 \begin{document}
    
    ! Undefined control sequence.
    \close@pdflink ->\Hy@endcolorlink
     \Hy@VerboseLinkStop \pdfendlink
    l.220 \begin{document}
    
    ! Undefined control sequence.
    <recently read> \Hy@colorlink
    
    l.220 \begin{document}
    
    ! Undefined control sequence.
    \close@pdflink ->\Hy@endcolorlink
     \Hy@VerboseLinkStop \pdfendlink
    l.220 \begin{document}
    
    ! Undefined control sequence.
    <recently read> \Hy@colorlink
    
    l.220 \begin{document}
    
    ! Undefined control sequence.
    \close@pdflink ->\Hy@endcolorlink
     \Hy@VerboseLinkStop \pdfendlink
    l.220 \begin{document}
    
    ! Undefined control sequence.
    <recently read> \Hy@colorlink
    
    l.220 \begin{document}
    
    ! Undefined control sequence.
    \close@pdflink ->\Hy@endcolorlink
     \Hy@VerboseLinkStop \pdfendlink
    l.220 \begin{document}
    
    --- failed re-building ‘smm.Rnw’
    
    SUMMARY: processing the following file failed:
     ‘smm.Rnw’
    
    Error: Vignette re-building failed.
    Execution halted
Flavor: r-release-linux-x86_64

Version: 1.0.2
Check: re-building of vignette outputs
Result: WARN
    Error(s) in re-building vignettes:
     ...
    --- re-building ‘smm.Rnw’ using Sweave
    Error: processing vignette 'smm.Rnw' failed with diagnostics:
    Running 'texi2dvi' on 'smm.tex' failed.
    LaTeX errors:
    !pdfTeX error: pdflatex (file bbm10): Font bbm10 at 657 not found
     ==> Fatal error occurred, no output PDF file produced!
    --- failed re-building ‘smm.Rnw’
    
    SUMMARY: processing the following file failed:
     ‘smm.Rnw’
    
    Error: Vignette re-building failed.
    Execution halted
Flavor: r-oldrel-macos-x86_64