CRAN Package Check Results for Package SMME

Last updated on 2024-06-22 19:58:16 CEST.

Flavor Version Tinstall Tcheck Ttotal Status Flags
r-devel-linux-x86_64-debian-clang 1.1.1 50.41 36.31 86.72 NOTE
r-devel-linux-x86_64-debian-gcc 1.1.1 37.26 28.45 65.71 NOTE
r-devel-linux-x86_64-fedora-clang 1.1.1 126.29 NOTE
r-devel-linux-x86_64-fedora-gcc 1.1.1 127.98 NOTE
r-devel-windows-x86_64 1.1.1 39.00 70.00 109.00 NOTE
r-patched-linux-x86_64 1.1.1 38.19 35.90 74.09 NOTE
r-release-linux-x86_64 1.1.1 43.02 35.65 78.67 NOTE
r-release-macos-arm64 1.1.1 38.00 NOTE
r-release-macos-x86_64 1.1.1 48.00 NOTE
r-release-windows-x86_64 1.1.1 39.00 72.00 111.00 NOTE
r-oldrel-macos-arm64 1.1.1 37.00 NOTE
r-oldrel-macos-x86_64 1.1.1 59.00 NOTE
r-oldrel-windows-x86_64 1.1.1 45.00 81.00 126.00 NOTE

Check Details

Version: 1.1.1
Check: C++ specification
Result: NOTE Specified C++11: please drop specification unless essential Flavors: r-devel-linux-x86_64-debian-clang, r-devel-linux-x86_64-debian-gcc, r-devel-linux-x86_64-fedora-clang, r-devel-linux-x86_64-fedora-gcc, r-devel-windows-x86_64, r-patched-linux-x86_64, r-release-linux-x86_64, r-release-macos-arm64, r-release-macos-x86_64, r-release-windows-x86_64, r-oldrel-macos-arm64, r-oldrel-macos-x86_64, r-oldrel-windows-x86_64