CRAN Package Check Results for Package SMR

Last updated on 2022-01-25 10:53:31 CET.

Flavor Version Tinstall Tcheck Ttotal Status Flags
r-devel-linux-x86_64-debian-clang 2.0.1 2.20 31.26 33.46 NOTE
r-devel-linux-x86_64-debian-gcc 2.0.1 2.04 26.85 28.89 NOTE
r-devel-linux-x86_64-fedora-clang 2.0.1 42.02 NOTE
r-devel-linux-x86_64-fedora-gcc 2.0.1 31.09 NOTE
r-devel-windows-x86_64-new-UL 2.0.1 9.00 44.00 53.00 NOTE
r-devel-windows-x86_64-new-TK 2.0.1 NOTE
r-patched-linux-x86_64 2.0.1 2.32 30.27 32.59 NOTE
r-release-linux-x86_64 2.0.1 2.32 30.13 32.45 NOTE
r-release-macos-arm64 2.0.1 NOTE
r-release-macos-x86_64 2.0.1 NOTE
r-release-windows-ix86+x86_64 2.0.1 5.00 37.00 42.00 NOTE
r-oldrel-macos-x86_64 2.0.1 NOTE
r-oldrel-windows-ix86+x86_64 2.0.1 4.00 34.00 38.00 NOTE

Check Details

Version: 2.0.1
Check: DESCRIPTION meta-information
Result: NOTE
    Malformed Description field: should contain one or more complete sentences.
Flavors: r-devel-linux-x86_64-debian-clang, r-devel-linux-x86_64-debian-gcc, r-devel-linux-x86_64-fedora-clang, r-devel-linux-x86_64-fedora-gcc, r-devel-windows-x86_64-new-UL, r-devel-windows-x86_64-new-TK, r-patched-linux-x86_64, r-release-linux-x86_64, r-release-macos-arm64, r-release-macos-x86_64, r-release-windows-ix86+x86_64, r-oldrel-macos-x86_64, r-oldrel-windows-ix86+x86_64

Version: 2.0.1
Check: R code for possible problems
Result: NOTE
    dNMR: no visible global function definition for 'pnorm'
    dNMR: no visible global function definition for 'dnorm'
    pNMR: no visible global function definition for 'pnorm'
    pNMR: no visible global function definition for 'dnorm'
    rMR: no visible global function definition for 'rnorm'
    rMR: no visible global function definition for 'rchisq'
    Undefined global functions or variables:
     dnorm pnorm rchisq rnorm
    Consider adding
     importFrom("stats", "dnorm", "pnorm", "rchisq", "rnorm")
    to your NAMESPACE file.
Flavors: r-devel-linux-x86_64-debian-clang, r-devel-linux-x86_64-debian-gcc, r-devel-linux-x86_64-fedora-clang, r-devel-linux-x86_64-fedora-gcc, r-devel-windows-x86_64-new-UL, r-devel-windows-x86_64-new-TK, r-patched-linux-x86_64, r-release-linux-x86_64, r-release-macos-arm64, r-release-macos-x86_64, r-release-windows-ix86+x86_64, r-oldrel-macos-x86_64, r-oldrel-windows-ix86+x86_64