CRAN Package Check Results for Package SMVar

Last updated on 2020-10-25 20:48:05 CET.

Flavor Version Tinstall Tcheck Ttotal Status Flags
r-devel-linux-x86_64-debian-clang 1.3.3 2.03 24.96 26.99 NOTE
r-devel-linux-x86_64-debian-gcc 1.3.3 1.74 19.17 20.91 NOTE
r-devel-linux-x86_64-fedora-clang 1.3.3 40.77 NOTE
r-devel-linux-x86_64-fedora-gcc 1.3.3 31.34 NOTE
r-devel-windows-ix86+x86_64 1.3.3 4.00 36.00 40.00 NOTE
r-patched-linux-x86_64 1.3.3 2.15 23.65 25.80 NOTE
r-patched-solaris-x86 1.3.3 48.40 NOTE
r-release-linux-x86_64 1.3.3 2.21 23.67 25.88 NOTE
r-release-macos-x86_64 1.3.3 NOTE
r-release-windows-ix86+x86_64 1.3.3 3.00 38.00 41.00 NOTE
r-oldrel-macos-x86_64 1.3.3 NOTE
r-oldrel-windows-ix86+x86_64 1.3.3 4.00 41.00 45.00 NOTE

Check Details

Version: 1.3.3
Check: DESCRIPTION meta-information
Result: NOTE
    Malformed Description field: should contain one or more complete sentences.
Flavors: r-devel-linux-x86_64-debian-clang, r-devel-linux-x86_64-debian-gcc, r-devel-linux-x86_64-fedora-clang, r-devel-linux-x86_64-fedora-gcc, r-devel-windows-ix86+x86_64, r-patched-linux-x86_64, r-patched-solaris-x86, r-release-linux-x86_64, r-release-macos-x86_64, r-release-windows-ix86+x86_64, r-oldrel-macos-x86_64, r-oldrel-windows-ix86+x86_64

Version: 1.3.3
Check: R code for possible problems
Result: NOTE
    SMVar.paired : <anonymous>: no visible global function definition for
     'var'
    SMVar.paired: no visible global function definition for 'var'
    SMVar.paired: no visible global function definition for 'pt'
    SMVar.paired: no visible global function definition for 'p.adjust'
    SMVar.paired: no visible global function definition for 'write.table'
    SMVar.unpaired : <anonymous>: no visible global function definition for
     'var'
    SMVar.unpaired: no visible global function definition for 'var'
    SMVar.unpaired: no visible global function definition for 'pt'
    SMVar.unpaired: no visible global function definition for 'p.adjust'
    SMVar.unpaired: no visible global function definition for 'write.table'
    Undefined global functions or variables:
     p.adjust pt var write.table
    Consider adding
     importFrom("stats", "p.adjust", "pt", "var")
     importFrom("utils", "write.table")
    to your NAMESPACE file.
Flavors: r-devel-linux-x86_64-debian-clang, r-devel-linux-x86_64-debian-gcc, r-devel-linux-x86_64-fedora-clang, r-devel-linux-x86_64-fedora-gcc, r-devel-windows-ix86+x86_64, r-patched-linux-x86_64, r-patched-solaris-x86, r-release-linux-x86_64, r-release-macos-x86_64, r-release-windows-ix86+x86_64, r-oldrel-macos-x86_64, r-oldrel-windows-ix86+x86_64

Version: 1.3.3
Check: Rd line widths
Result: NOTE
    Rd file 'SMVar.paired.Rd':
     \usage lines wider than 90 characters:
     SMVar.paired(geneNumbers, logratio, fileexport = NULL, minrep = 2, method = "BH", threshold = 0.05)
    
    Rd file 'SMVar.unpaired.Rd':
     \usage lines wider than 90 characters:
     SMVar.unpaired(geneNumbers, listcond, fileexport = NULL, minrep = 2, method = "BH", threshold = 0.05)
    
    These lines will be truncated in the PDF manual.
Flavors: r-devel-linux-x86_64-debian-clang, r-devel-linux-x86_64-debian-gcc, r-devel-linux-x86_64-fedora-clang, r-devel-linux-x86_64-fedora-gcc, r-patched-linux-x86_64, r-release-linux-x86_64