CRAN Package Check Results for Package SNPmaxsel

Last updated on 2021-05-13 03:49:06 CEST.

Flavor Version Tinstall Tcheck Ttotal Status Flags
r-devel-linux-x86_64-debian-clang 1.0-3 2.15 25.30 27.45 NOTE
r-devel-linux-x86_64-debian-gcc 1.0-3 1.96 20.02 21.98 NOTE
r-devel-linux-x86_64-fedora-clang 1.0-3 44.34 NOTE
r-devel-linux-x86_64-fedora-gcc 1.0-3 32.97 NOTE
r-devel-windows-ix86+x86_64 1.0-3 9.00 41.00 50.00 NOTE
r-devel-windows-x86_64-gcc10-UCRT 1.0-3 NOTE
r-patched-linux-x86_64 1.0-3 2.37 25.13 27.50 NOTE
r-patched-solaris-x86 1.0-3 53.10 NOTE
r-release-linux-x86_64 1.0-3 2.39 24.18 26.57 NOTE
r-release-macos-x86_64 1.0-3 NOTE
r-release-windows-ix86+x86_64 1.0-3 4.00 41.00 45.00 NOTE
r-oldrel-macos-x86_64 1.0-3 NOTE
r-oldrel-windows-ix86+x86_64 1.0-3 7.00 41.00 48.00 NOTE

Check Details

Version: 1.0-3
Check: DESCRIPTION meta-information
Result: NOTE
    Packages listed in more than one of Depends, Imports, Suggests, Enhances:
     'mvtnorm' 'combinat'
    A package should be listed in only one of these fields.
Flavors: r-devel-linux-x86_64-debian-clang, r-devel-linux-x86_64-debian-gcc, r-devel-linux-x86_64-fedora-clang, r-devel-linux-x86_64-fedora-gcc, r-devel-windows-ix86+x86_64, r-devel-windows-x86_64-gcc10-UCRT, r-patched-linux-x86_64, r-patched-solaris-x86, r-release-linux-x86_64, r-release-macos-x86_64, r-release-windows-ix86+x86_64, r-oldrel-macos-x86_64, r-oldrel-windows-ix86+x86_64

Version: 1.0-3
Check: R code for possible problems
Result: NOTE
    chisq.test.a: no visible global function definition for 'chisq.test'
    maxsel: no visible global function definition for 'complete.cases'
    maxsel.asymp.test: no visible global function definition for
     'complete.cases'
    Undefined global functions or variables:
     chisq.test complete.cases
    Consider adding
     importFrom("stats", "chisq.test", "complete.cases")
    to your NAMESPACE file.
Flavors: r-devel-linux-x86_64-debian-clang, r-devel-linux-x86_64-debian-gcc, r-devel-linux-x86_64-fedora-clang, r-devel-linux-x86_64-fedora-gcc, r-devel-windows-ix86+x86_64, r-devel-windows-x86_64-gcc10-UCRT, r-patched-linux-x86_64, r-patched-solaris-x86, r-release-linux-x86_64, r-release-macos-x86_64, r-release-windows-ix86+x86_64, r-oldrel-macos-x86_64, r-oldrel-windows-ix86+x86_64