CRAN Package Check Results for Package SOAR

Last updated on 2021-04-12 23:48:16 CEST.

Flavor Version Tinstall Tcheck Ttotal Status Flags
r-devel-linux-x86_64-debian-clang 0.99-11 2.54 29.32 31.86 NOTE
r-devel-linux-x86_64-debian-gcc 0.99-11 1.87 23.62 25.49 NOTE
r-devel-linux-x86_64-fedora-clang 0.99-11 49.80 NOTE
r-devel-linux-x86_64-fedora-gcc 0.99-11 39.43 NOTE
r-devel-windows-ix86+x86_64 0.99-11 5.00 48.00 53.00 OK
r-devel-windows-x86_64-gcc10-UCRT 0.99-11 OK
r-patched-linux-x86_64 0.99-11 2.37 29.01 31.38 NOTE
r-patched-solaris-x86 0.99-11 58.40 NOTE
r-release-linux-x86_64 0.99-11 2.20 29.07 31.27 NOTE
r-release-macos-x86_64 0.99-11 OK
r-release-windows-ix86+x86_64 0.99-11 4.00 48.00 52.00 OK
r-oldrel-macos-x86_64 0.99-11 OK
r-oldrel-windows-ix86+x86_64 0.99-11 5.00 53.00 58.00 OK

Check Details

Version: 0.99-11
Check: R code for possible problems
Result: NOTE
    Found the following calls to attach():
    File 'SOAR/R/SOAR.R':
     attach(NULL, pos, basename(directory))
    See section 'Good practice' in '?attach'.
Flavors: r-devel-linux-x86_64-debian-clang, r-devel-linux-x86_64-debian-gcc, r-patched-linux-x86_64, r-release-linux-x86_64

Version: 0.99-11
Check: for non-standard things in the check directory
Result: NOTE
    Found the following files/directories:
     '.R_Test'
Flavors: r-devel-linux-x86_64-debian-clang, r-devel-linux-x86_64-debian-gcc, r-devel-linux-x86_64-fedora-clang, r-devel-linux-x86_64-fedora-gcc, r-patched-linux-x86_64, r-patched-solaris-x86, r-release-linux-x86_64