CRAN Package Check Results for Package SP2000

Last updated on 2024-05-24 23:54:34 CEST.

Flavor Version Tinstall Tcheck Ttotal Status Flags
r-devel-linux-x86_64-debian-clang 0.2.0 9.05 66.76 75.81 NOTE
r-devel-linux-x86_64-debian-gcc 0.2.0 5.69 49.83 55.52 NOTE
r-devel-linux-x86_64-fedora-clang 0.2.0 93.27 NOTE
r-devel-linux-x86_64-fedora-gcc 0.2.0 86.90 NOTE
r-devel-windows-x86_64 0.2.0 9.00 69.00 78.00 NOTE
r-patched-linux-x86_64 0.2.0 7.80 64.07 71.87 NOTE
r-release-linux-x86_64 0.2.0 6.65 64.58 71.23 NOTE
r-release-macos-arm64 0.2.0 29.00 NOTE
r-release-windows-x86_64 0.2.0 8.00 70.00 78.00 NOTE
r-oldrel-macos-arm64 0.2.0 29.00 NOTE
r-oldrel-macos-x86_64 0.2.0 47.00 NOTE
r-oldrel-windows-x86_64 0.2.0 11.00 77.00 88.00 NOTE

Check Details

Version: 0.2.0
Check: LazyData
Result: NOTE 'LazyData' is specified without a 'data' directory Flavors: r-devel-linux-x86_64-debian-clang, r-devel-linux-x86_64-debian-gcc, r-devel-linux-x86_64-fedora-clang, r-devel-linux-x86_64-fedora-gcc, r-devel-windows-x86_64, r-patched-linux-x86_64, r-release-linux-x86_64, r-release-macos-arm64, r-release-windows-x86_64, r-oldrel-macos-arm64, r-oldrel-macos-x86_64, r-oldrel-windows-x86_64