Last updated on 2023-12-03 01:58:01 CET.
Flavor | Version | Tinstall | Tcheck | Ttotal | Status | Flags |
---|---|---|---|---|---|---|
r-devel-linux-x86_64-debian-clang | 0.0.0.1 | 12.18 | 89.82 | 102.00 | NOTE | |
r-devel-linux-x86_64-debian-gcc | 0.0.0.1 | 8.45 | 65.07 | 73.52 | NOTE | |
r-devel-linux-x86_64-fedora-clang | 0.0.0.1 | 121.61 | OK | |||
r-devel-linux-x86_64-fedora-gcc | 0.0.0.1 | 155.30 | OK | |||
r-devel-windows-x86_64 | 0.0.0.1 | 9.00 | 82.00 | 91.00 | OK | |
r-patched-linux-x86_64 | 0.0.0.1 | 11.07 | 82.31 | 93.38 | OK | |
r-release-linux-x86_64 | 0.0.0.1 | 11.59 | 87.25 | 98.84 | OK | |
r-release-macos-arm64 | 0.0.0.1 | 52.00 | OK | |||
r-release-macos-x86_64 | 0.0.0.1 | 105.00 | OK | |||
r-release-windows-x86_64 | 0.0.0.1 | 13.00 | 97.00 | 110.00 | OK | |
r-oldrel-macos-arm64 | 0.0.0.1 | 46.00 | OK | |||
r-oldrel-macos-x86_64 | 0.0.0.1 | 64.00 | OK | |||
r-oldrel-windows-x86_64 | 0.0.0.1 | 13.00 | 101.00 | 114.00 | OK |
Version: 0.0.0.1
Check: Rd files
Result: NOTE
checkRd: (-1) counterfactual_yhat.Rd:47: Lost braces; missing escapes or markup?
47 | We want the counterfactual Yhat_{g' <- G} |X=x,G=g (or alternatively
| ^
checkRd: (-1) counterfactual_yhat.Rd:48: Lost braces; missing escapes or markup?
48 | Yhat_{g' <- G} |G=g).
| ^
checkRd: (-1) counterfactual_yhat.Rd:58: Lost braces; missing escapes or markup?
58 | To estimate Y'=Yhat_{g' <- G} | G=g, we need to
| ^
checkRd: (-1) counterfactual_yhat.Rd:65: Lost braces; missing escapes or markup?
65 | To estimate Y'=Yhat_{g' <- G} |X=x, G=g, we need to
| ^
checkRd: (-1) counterfactual_yhat.Rd:27: Lost braces; missing escapes or markup?
27 | indices representing sample(s) from counterfactual Yhat_{g' <- G} |X=x,G=g
| ^
Flavors: r-devel-linux-x86_64-debian-clang, r-devel-linux-x86_64-debian-gcc