CRAN Package Check Results for Package SPARSEMODr

Last updated on 2021-10-24 20:51:18 CEST.

Flavor Version Tinstall Tcheck Ttotal Status Flags
r-devel-linux-x86_64-debian-clang 1.1.0 25.06 133.35 158.41 OK
r-devel-linux-x86_64-debian-gcc 1.1.0 18.87 101.98 120.85 OK
r-devel-linux-x86_64-fedora-clang 1.1.0 213.43 NOTE
r-devel-linux-x86_64-fedora-gcc 1.1.0 212.26 NOTE
r-devel-windows-x86_64 1.1.0 37.00 246.00 283.00 OK
r-devel-windows-x86_64-gcc10-UCRT 1.1.0 NOTE
r-patched-linux-x86_64 1.1.0 28.32 147.72 176.04 OK
r-patched-solaris-x86 1.1.0 142.70 NOTE
r-release-linux-x86_64 1.1.0 25.22 147.10 172.32 OK
r-release-macos-arm64 1.1.0 NOTE
r-release-macos-x86_64 1.1.0 NOTE
r-release-windows-ix86+x86_64 1.1.0 50.00 281.00 331.00 OK
r-oldrel-macos-x86_64 1.1.0 NOTE
r-oldrel-windows-ix86+x86_64 1.1.0 69.00 291.00 360.00 OK

Check Details

Version: 1.1.0
Check: dependencies in R code
Result: NOTE
    Namespaces in Imports field not imported from:
     ‘future’ ‘geosphere’ ‘lubridate’ ‘tidyverse’ ‘viridis’
     All declared Imports should be used.
Flavors: r-devel-linux-x86_64-fedora-clang, r-devel-linux-x86_64-fedora-gcc, r-devel-windows-x86_64-gcc10-UCRT, r-patched-solaris-x86, r-release-macos-arm64, r-release-macos-x86_64, r-oldrel-macos-x86_64