CRAN Package Check Results for Package SPCDAnalyze

Last updated on 2023-12-09 04:51:08 CET.

Flavor Version Tinstall Tcheck Ttotal Status Flags
r-devel-linux-x86_64-debian-clang 0.1.0 9.33 80.68 90.01 NOTE
r-devel-linux-x86_64-debian-gcc 0.1.0 6.06 61.15 67.21 NOTE
r-devel-linux-x86_64-fedora-clang 0.1.0 109.54 NOTE
r-devel-linux-x86_64-fedora-gcc 0.1.0 105.07 NOTE
r-devel-windows-x86_64 0.1.0 9.00 75.00 84.00 NOTE
r-patched-linux-x86_64 0.1.0 10.25 78.55 88.80 NOTE
r-release-linux-x86_64 0.1.0 7.21 77.50 84.71 NOTE
r-release-macos-arm64 0.1.0 37.00 NOTE
r-release-macos-x86_64 0.1.0 58.00 NOTE
r-release-windows-x86_64 0.1.0 11.00 86.00 97.00 NOTE
r-oldrel-macos-arm64 0.1.0 34.00 NOTE
r-oldrel-macos-x86_64 0.1.0 58.00 NOTE
r-oldrel-windows-x86_64 0.1.0 12.00 98.00 110.00 NOTE

Check Details

Version: 0.1.0
Check: LazyData
Result: NOTE 'LazyData' is specified without a 'data' directory Flavors: r-devel-linux-x86_64-debian-clang, r-devel-linux-x86_64-debian-gcc, r-devel-linux-x86_64-fedora-clang, r-devel-linux-x86_64-fedora-gcc, r-devel-windows-x86_64, r-patched-linux-x86_64, r-release-linux-x86_64, r-release-macos-arm64, r-release-macos-x86_64, r-release-windows-x86_64, r-oldrel-macos-arm64, r-oldrel-macos-x86_64, r-oldrel-windows-x86_64