CRAN Package Check Results for Package SPECIES

Last updated on 2024-05-29 00:54:40 CEST.

Flavor Version Tinstall Tcheck Ttotal Status Flags
r-devel-linux-x86_64-debian-clang 1.1.4 10.00 34.49 44.49 OK
r-devel-linux-x86_64-debian-gcc 1.1.4 5.72 25.72 31.44 OK
r-devel-linux-x86_64-fedora-clang 1.1.4 56.49 NOTE
r-devel-windows-x86_64 1.1.4 9.00 46.00 55.00 OK
r-patched-linux-x86_64 1.1.4 6.76 32.95 39.71 OK
r-release-linux-x86_64 1.1.4 6.75 32.54 39.29 OK
r-release-macos-arm64 1.1.4 21.00 OK
r-release-windows-x86_64 1.1.4 9.00 46.00 55.00 OK
r-oldrel-macos-arm64 1.1.4 22.00 OK
r-oldrel-macos-x86_64 1.1.4 41.00 OK
r-oldrel-windows-x86_64 1.1.4 9.00 48.00 57.00 OK

Check Details

Version: 1.1.4
Check: compiled code
Result: NOTE File ‘SPECIES/libs/SPECIES.so’: Found no calls to: ‘R_registerRoutines’, ‘R_useDynamicSymbols’ It is good practice to register native routines and to disable symbol search. See ‘Writing portable packages’ in the ‘Writing R Extensions’ manual. Flavor: r-devel-linux-x86_64-fedora-clang