CRAN Package Check Results for Package SPEDInstabR

Last updated on 2019-01-19 15:48:05 CET.

Flavor Version Tinstall Tcheck Ttotal Status Flags
r-devel-linux-x86_64-debian-clang 1.7 2.27 24.23 26.50 OK
r-devel-linux-x86_64-debian-gcc 1.7 1.65 18.86 20.51 OK
r-devel-linux-x86_64-fedora-clang 1.7 30.24 NOTE
r-devel-linux-x86_64-fedora-gcc 1.7 28.01 NOTE
r-devel-windows-ix86+x86_64 1.7 4.00 46.00 50.00 OK
r-patched-linux-x86_64 1.7 2.07 22.00 24.07 OK
r-patched-solaris-x86 1.7 45.20 NOTE
r-release-linux-x86_64 1.7 1.84 21.70 23.54 OK
r-release-windows-ix86+x86_64 1.7 3.00 47.00 50.00 OK
r-release-osx-x86_64 1.7 NOTE
r-oldrel-windows-ix86+x86_64 1.7 4.00 32.00 36.00 OK
r-oldrel-osx-x86_64 1.7 NOTE

Check Details

Version: 1.7
Check: data for non-ASCII characters
Result: NOTE
     Note: found 5 marked Latin-1 strings
Flavors: r-devel-linux-x86_64-fedora-clang, r-devel-linux-x86_64-fedora-gcc, r-patched-solaris-x86, r-release-osx-x86_64, r-oldrel-osx-x86_64