CRAN Package Check Results for Package SPEDInstabR

Last updated on 2019-03-24 04:47:27 CET.

Flavor Version Tinstall Tcheck Ttotal Status Flags
r-devel-linux-x86_64-debian-clang 1.8 2.82 24.81 27.63 OK
r-devel-linux-x86_64-debian-gcc 1.8 2.24 20.25 22.49 OK
r-devel-linux-x86_64-fedora-clang 1.8 33.14 NOTE
r-devel-linux-x86_64-fedora-gcc 1.8 31.50 NOTE
r-devel-windows-ix86+x86_64 1.8 6.00 50.00 56.00 OK
r-patched-linux-x86_64 1.8 1.64 21.93 23.57 OK
r-patched-solaris-x86 1.8 44.60 NOTE
r-release-linux-x86_64 1.8 0.49 1.93 2.42 ERROR
r-release-windows-ix86+x86_64 1.8 3.00 36.00 39.00 OK
r-release-osx-x86_64 1.8 NOTE
r-oldrel-windows-ix86+x86_64 1.8 3.00 47.00 50.00 OK
r-oldrel-osx-x86_64 1.8 NOTE

Check Details

Version: 1.8
Check: data for non-ASCII characters
Result: NOTE
     Note: found 5 marked Latin-1 strings
Flavors: r-devel-linux-x86_64-fedora-clang, r-devel-linux-x86_64-fedora-gcc, r-patched-solaris-x86, r-release-osx-x86_64, r-oldrel-osx-x86_64

Version: 1.8
Check: whether package can be installed
Result: ERROR
    Installation failed.
Flavor: r-release-linux-x86_64