CRAN Package Check Results for Package SPEDInstabR

Last updated on 2021-09-27 05:51:38 CEST.

Flavor Version Tinstall Tcheck Ttotal Status Flags
r-devel-linux-x86_64-debian-clang 1.8 3.09 29.95 33.04 OK
r-devel-linux-x86_64-debian-gcc 1.8 2.16 23.70 25.86 OK
r-devel-linux-x86_64-fedora-clang 1.8 48.79 NOTE
r-devel-linux-x86_64-fedora-gcc 1.8 38.32 NOTE
r-devel-windows-x86_64 1.8 6.00 34.00 40.00 OK
r-devel-windows-x86_64-gcc10-UCRT 1.8 NOTE
r-patched-linux-x86_64 1.8 2.84 29.35 32.19 OK
r-patched-solaris-x86 1.8 60.30 NOTE
r-release-linux-x86_64 1.8 3.12 29.58 32.70 OK
r-release-macos-arm64 1.8 NOTE
r-release-macos-x86_64 1.8 NOTE
r-release-windows-ix86+x86_64 1.8 6.00 51.00 57.00 OK
r-oldrel-macos-x86_64 1.8 NOTE
r-oldrel-windows-ix86+x86_64 1.8 23.00 34.00 57.00 OK

Check Details

Version: 1.8
Check: data for non-ASCII characters
Result: NOTE
     Note: found 5 marked Latin-1 strings
Flavors: r-devel-linux-x86_64-fedora-clang, r-devel-linux-x86_64-fedora-gcc, r-devel-windows-x86_64-gcc10-UCRT, r-patched-solaris-x86, r-release-macos-arm64, r-release-macos-x86_64, r-oldrel-macos-x86_64