CRAN Package Check Results for Package SPQR

Last updated on 2022-10-05 23:25:44 CEST.

Flavor Version Tinstall Tcheck Ttotal Status Flags
r-devel-linux-x86_64-debian-clang 0.1.0 45.81 80.83 126.64 OK
r-devel-linux-x86_64-debian-gcc 0.1.0 38.44 60.59 99.03 OK
r-devel-linux-x86_64-fedora-clang 0.1.0 180.74 NOTE
r-devel-linux-x86_64-fedora-gcc 0.1.0 174.99 NOTE
r-devel-windows-x86_64 0.1.0 49.00 129.00 178.00 OK
r-patched-linux-x86_64 0.1.0 39.66 74.29 113.95 OK
r-release-linux-x86_64 0.1.0 38.63 73.38 112.01 OK
r-release-macos-arm64 0.1.0 46.00 NOTE
r-release-macos-x86_64 0.1.0 64.00 NOTE
r-release-windows-x86_64 0.1.0 51.00 127.00 178.00 OK
r-oldrel-macos-arm64 0.1.0 45.00 NOTE
r-oldrel-macos-x86_64 0.1.0 58.00 NOTE
r-oldrel-windows-ix86+x86_64 0.1.0 108.00 144.00 252.00 OK

Additional issues

donttest

Check Details

Version: 0.1.0
Check: dependencies in R code
Result: NOTE
    Namespaces in Imports field not imported from:
     ‘Rcpp’ ‘progress’
     All declared Imports should be used.
Flavors: r-devel-linux-x86_64-fedora-clang, r-devel-linux-x86_64-fedora-gcc, r-release-macos-arm64, r-release-macos-x86_64, r-oldrel-macos-arm64, r-oldrel-macos-x86_64