CRAN Package Check Results for Package SPSP

Last updated on 2021-10-19 13:53:39 CEST.

Flavor Version Tinstall Tcheck Ttotal Status Flags
r-devel-linux-x86_64-debian-clang 0.1.0 23.13 71.45 94.58 OK
r-devel-linux-x86_64-debian-gcc 0.1.0 16.00 55.79 71.79 OK
r-devel-linux-x86_64-fedora-clang 0.1.0 129.71 NOTE
r-devel-linux-x86_64-fedora-gcc 0.1.0 113.28 NOTE
r-devel-windows-x86_64 0.1.0 30.00 102.00 132.00 OK
r-devel-windows-x86_64-gcc10-UCRT 0.1.0 NOTE
r-patched-linux-x86_64 0.1.0 20.15 69.64 89.79 OK
r-patched-solaris-x86 0.1.0 158.10 NOTE
r-release-linux-x86_64 0.1.0 18.24 70.49 88.73 OK
r-release-macos-arm64 0.1.0 NOTE
r-release-macos-x86_64 0.1.0 NOTE
r-release-windows-ix86+x86_64 0.1.0 38.00 143.00 181.00 OK
r-oldrel-macos-x86_64 0.1.0 NOTE
r-oldrel-windows-ix86+x86_64 0.1.0 56.00 144.00 200.00 OK

Check Details

Version: 0.1.0
Check: dependencies in R code
Result: NOTE
    Namespace in Imports field not imported from: ‘MASS’
     All declared Imports should be used.
Flavors: r-devel-linux-x86_64-fedora-clang, r-devel-linux-x86_64-fedora-gcc, r-devel-windows-x86_64-gcc10-UCRT, r-patched-solaris-x86, r-release-macos-arm64, r-release-macos-x86_64, r-oldrel-macos-x86_64