CRAN Package Check Results for Package SPUTNIK

Last updated on 2021-09-24 16:50:19 CEST.

Flavor Version Tinstall Tcheck Ttotal Status Flags
r-devel-linux-x86_64-debian-clang 1.3.3 13.55 125.47 139.02 OK
r-devel-linux-x86_64-debian-gcc 1.3.3 11.97 92.31 104.28 OK
r-devel-linux-x86_64-fedora-clang 1.3.3 173.67 NOTE
r-devel-linux-x86_64-fedora-gcc 1.3.3 157.30 NOTE
r-devel-windows-x86_64 1.3.3 15.00 114.00 129.00 OK
r-devel-windows-x86_64-gcc10-UCRT 1.3.3 NOTE
r-patched-linux-x86_64 1.3.3 17.21 115.41 132.62 OK
r-patched-solaris-x86 1.3.3 241.60 NOTE
r-release-linux-x86_64 1.3.3 14.11 115.62 129.73 OK
r-release-macos-arm64 1.3.3 NOTE
r-release-macos-x86_64 1.3.3 NOTE
r-release-windows-ix86+x86_64 1.3.3 35.00 156.00 191.00 OK
r-oldrel-macos-x86_64 1.3.3 NOTE
r-oldrel-windows-ix86+x86_64 1.3.3 25.00 107.00 132.00 OK

Check Details

Version: 1.3.3
Check: dependencies in R code
Result: NOTE
    Namespaces in Imports field not imported from:
     ‘spatstat’ ‘spatstat.data’ ‘spatstat.linnet’ ‘spatstat.sparse’
     ‘spatstat.utils’ ‘testthat’
     All declared Imports should be used.
Flavors: r-devel-linux-x86_64-fedora-clang, r-devel-linux-x86_64-fedora-gcc, r-devel-windows-x86_64-gcc10-UCRT, r-patched-solaris-x86, r-release-macos-arm64, r-release-macos-x86_64, r-oldrel-macos-x86_64