Last updated on 2021-04-12 22:51:17 CEST.
Flavor | Version | Tinstall | Tcheck | Ttotal | Status | Flags |
---|---|---|---|---|---|---|
r-devel-linux-x86_64-debian-clang | 1.0 | 40.79 | 26.95 | 67.74 | NOTE | |
r-devel-linux-x86_64-debian-gcc | 1.0 | 26.06 | 20.67 | 46.73 | NOTE | |
r-devel-linux-x86_64-fedora-clang | 1.0 | 101.06 | NOTE | |||
r-devel-linux-x86_64-fedora-gcc | 1.0 | 81.75 | NOTE | |||
r-devel-windows-ix86+x86_64 | 1.0 | 95.00 | 72.00 | 167.00 | NOTE | |
r-devel-windows-x86_64-gcc10-UCRT | 1.0 | NOTE | ||||
r-patched-linux-x86_64 | 1.0 | 34.25 | 26.45 | 60.70 | OK | |
r-patched-solaris-x86 | 1.0 | 95.00 | OK | |||
r-release-linux-x86_64 | 1.0 | 31.59 | 25.44 | 57.03 | OK | |
r-release-macos-x86_64 | 1.0 | OK | ||||
r-release-windows-ix86+x86_64 | 1.0 | 72.00 | 69.00 | 141.00 | OK | |
r-oldrel-macos-x86_64 | 1.0 | OK | ||||
r-oldrel-windows-ix86+x86_64 | 1.0 | 83.00 | 48.00 | 131.00 | OK |
Version: 1.0
Check: LazyData
Result: NOTE
'LazyData' is specified without a 'data' directory
Flavors: r-devel-linux-x86_64-debian-clang, r-devel-linux-x86_64-debian-gcc, r-devel-linux-x86_64-fedora-clang, r-devel-linux-x86_64-fedora-gcc, r-devel-windows-ix86+x86_64, r-devel-windows-x86_64-gcc10-UCRT