CRAN Package Check Results for Package SPlit

Last updated on 2023-06-05 13:57:04 CEST.

Flavor Version Tinstall Tcheck Ttotal Status Flags
r-devel-linux-x86_64-debian-clang 1.2 40.25 28.95 69.20 NOTE
r-devel-linux-x86_64-debian-gcc 1.2 27.80 22.11 49.91 NOTE
r-devel-linux-x86_64-fedora-clang 1.2 103.62 NOTE
r-devel-linux-x86_64-fedora-gcc 1.2 98.19 NOTE
r-devel-windows-x86_64 1.2 31.00 61.00 92.00 NOTE
r-patched-linux-x86_64 1.2 29.33 27.51 56.84 NOTE
r-release-linux-x86_64 1.2 32.61 27.52 60.13 NOTE
r-release-macos-arm64 1.2 27.00 NOTE
r-release-macos-x86_64 1.2 43.00 NOTE
r-release-windows-x86_64 1.2 41.00 72.00 113.00 NOTE
r-oldrel-macos-arm64 1.2 30.00 OK
r-oldrel-macos-x86_64 1.2 35.00 OK
r-oldrel-windows-x86_64 1.2 39.00 65.00 104.00 OK

Check Details

Version: 1.2
Check: C++ specification
Result: NOTE
     Specified C++11: please drop specification unless essential
Flavors: r-devel-linux-x86_64-debian-clang, r-devel-linux-x86_64-debian-gcc, r-devel-linux-x86_64-fedora-clang, r-devel-linux-x86_64-fedora-gcc, r-devel-windows-x86_64, r-patched-linux-x86_64, r-release-linux-x86_64, r-release-macos-arm64, r-release-macos-x86_64, r-release-windows-x86_64