CRAN Package Check Results for Package SPreFuGED

Last updated on 2019-06-17 17:46:57 CEST.

Flavor Version Tinstall Tcheck Ttotal Status Flags
r-devel-linux-x86_64-debian-clang 1.0 9.50 82.29 91.79 OK
r-devel-linux-x86_64-debian-gcc 1.0 8.17 65.40 73.57 OK
r-devel-linux-x86_64-fedora-clang 1.0 109.88 OK
r-devel-linux-x86_64-fedora-gcc 1.0 106.94 OK
r-devel-windows-ix86+x86_64 1.0 26.00 97.00 123.00 OK
r-patched-linux-x86_64 1.0 9.73 81.90 91.63 OK
r-patched-solaris-x86 1.0 176.70 OK
r-release-linux-x86_64 1.0 9.43 81.58 91.01 OK
r-release-windows-ix86+x86_64 1.0 21.00 124.00 145.00 OK
r-release-osx-x86_64 1.0 ERROR
r-oldrel-windows-ix86+x86_64 1.0 12.00 121.00 133.00 OK
r-oldrel-osx-x86_64 1.0 OK

Check Details

Version: 1.0
Check: package dependencies
Result: ERROR
    Packages required but not available: 'Biobase', 'CMA', 'limma'
    
    See section ‘The DESCRIPTION file’ in the ‘Writing R Extensions’
    manual.
Flavor: r-release-osx-x86_64