CRAN Package Check Results for Package SQL

Last updated on 2024-02-21 18:51:18 CET.

Flavor Version Tinstall Tcheck Ttotal Status Flags
r-devel-linux-x86_64-debian-clang 0.1.1 ERROR
r-devel-linux-x86_64-debian-gcc 0.1.1 4.16 39.61 43.77 OK
r-devel-linux-x86_64-fedora-clang 0.1.1 1.76 ERROR
r-devel-linux-x86_64-fedora-gcc 0.1.1 67.56 OK
r-devel-windows-x86_64 0.1.1 6.00 57.00 63.00 OK
r-patched-linux-x86_64 0.1.1 4.88 51.48 56.36 OK
r-release-linux-x86_64 0.1.1 5.10 49.78 54.88 OK
r-release-macos-arm64 0.1.1 28.00 OK
r-release-macos-x86_64 0.1.1 56.00 OK
r-release-windows-x86_64 0.1.1 8.00 64.00 72.00 OK
r-oldrel-macos-arm64 0.1.1 32.00 OK
r-oldrel-windows-x86_64 0.1.1 8.00 68.00 76.00 OK

Check Details

Version: 0.1.1
Check: package dependencies
Result: ERROR Package required but not available: ‘arrow’ See section ‘The DESCRIPTION file’ in the ‘Writing R Extensions’ manual. Flavors: r-devel-linux-x86_64-debian-clang, r-devel-linux-x86_64-fedora-clang