CRAN Package Check Results for Package SQRL

Last updated on 2019-03-24 10:47:11 CET.

Flavor Version Tinstall Tcheck Ttotal Status Flags
r-devel-linux-x86_64-debian-clang 0.6.2 3.75 26.18 29.93 OK
r-devel-linux-x86_64-debian-gcc 0.6.2 3.95 20.82 24.77 OK
r-devel-linux-x86_64-fedora-clang 0.6.2 38.14 OK
r-devel-linux-x86_64-fedora-gcc 0.6.2 35.69 OK
r-devel-windows-ix86+x86_64 0.6.2 9.00 39.00 48.00 OK
r-patched-linux-x86_64 0.6.2 4.10 24.65 28.75 OK
r-patched-solaris-x86 0.6.2 47.90 OK
r-release-linux-x86_64 0.6.2 0.33 1.90 2.23 ERROR
r-release-windows-ix86+x86_64 0.6.2 11.00 48.00 59.00 OK
r-release-osx-x86_64 0.6.2 OK
r-oldrel-windows-ix86+x86_64 0.6.2 2.00 37.00 39.00 OK
r-oldrel-osx-x86_64 0.6.2 OK

Check Details

Version: 0.6.2
Check: whether package can be installed
Result: ERROR
    Installation failed.
Flavor: r-release-linux-x86_64