Last updated on 2023-10-01 13:55:55 CEST.
Flavor | Version | Tinstall | Tcheck | Ttotal | Status | Flags |
---|---|---|---|---|---|---|
r-devel-linux-x86_64-debian-clang | 0.99.6 | 29.28 | 304.15 | 333.43 | OK | |
r-devel-linux-x86_64-debian-gcc | 0.99.6 | 19.67 | 222.13 | 241.80 | OK | |
r-devel-linux-x86_64-fedora-clang | 0.99.6 | 400.23 | NOTE | |||
r-devel-linux-x86_64-fedora-gcc | 0.99.6 | 422.42 | OK | |||
r-devel-windows-x86_64 | 0.99.6 | 24.00 | 225.00 | 249.00 | OK | |
r-patched-linux-x86_64 | 0.99.6 | 22.89 | 290.93 | 313.82 | OK | |
r-release-linux-x86_64 | 0.99.6 | 23.76 | 292.25 | 316.01 | OK | |
r-release-macos-arm64 | 0.99.6 | 120.00 | OK | |||
r-release-macos-x86_64 | 0.99.6 | 212.00 | OK | |||
r-release-windows-x86_64 | 0.99.6 | 32.00 | 279.00 | 311.00 | OK | |
r-oldrel-macos-arm64 | 0.99.6 | 84.00 | OK | |||
r-oldrel-macos-x86_64 | 0.99.6 | 143.00 | OK | |||
r-oldrel-windows-x86_64 | 0.99.6 | 35.00 | 290.00 | 325.00 | OK |
Version: 0.99.6
Check: package dependencies
Result: NOTE
Imports includes 22 non-default packages.
Importing from so many packages makes the package vulnerable to any of
them becoming unavailable. Move as many as possible to Suggests and
use conditionally.
Flavor: r-devel-linux-x86_64-fedora-clang