Last updated on 2023-05-28 17:55:35 CEST.
Flavor | Version | Tinstall | Tcheck | Ttotal | Status | Flags |
---|---|---|---|---|---|---|
r-devel-linux-x86_64-debian-clang | 0.2.8 | 60.48 | 621.68 | 682.16 | OK | |
r-devel-linux-x86_64-debian-gcc | 0.2.8 | 46.81 | 460.71 | 507.52 | OK | |
r-devel-linux-x86_64-fedora-clang | 0.2.8 | 726.11 | NOTE | |||
r-devel-linux-x86_64-fedora-gcc | 0.2.8 | 837.97 | NOTE | |||
r-devel-windows-x86_64 | 0.2.8 | 44.00 | 436.00 | 480.00 | OK | |
r-patched-linux-x86_64 | 0.2.8 | 43.53 | 576.52 | 620.05 | OK | |
r-release-linux-x86_64 | 0.2.8 | 38.86 | 579.38 | 618.24 | OK | |
r-release-macos-arm64 | 0.2.8 | 227.00 | OK | |||
r-release-macos-x86_64 | 0.2.8 | 406.00 | OK | |||
r-release-windows-x86_64 | 0.2.8 | 66.00 | 590.00 | 656.00 | OK | |
r-oldrel-macos-arm64 | 0.2.8 | 180.00 | NOTE | |||
r-oldrel-macos-x86_64 | 0.2.8 | 310.00 | NOTE | |||
r-oldrel-windows-x86_64 | 0.2.8 | 65.00 | 554.00 | 619.00 | OK |
Version: 0.2.8
Check: dependencies in R code
Result: NOTE
Namespace in Imports field not imported from: ‘shinyFiles’
All declared Imports should be used.
Flavors: r-devel-linux-x86_64-fedora-clang, r-devel-linux-x86_64-fedora-gcc, r-oldrel-macos-arm64, r-oldrel-macos-x86_64