CRAN Package Check Results for Package SSLASSO

Last updated on 2022-10-07 14:52:20 CEST.

Flavor Version Tinstall Tcheck Ttotal Status Flags
r-devel-linux-x86_64-debian-clang 1.2-2 3.58 27.92 31.50 OK
r-devel-linux-x86_64-debian-gcc 1.2-2 2.76 22.67 25.43 NOTE
r-devel-linux-x86_64-fedora-clang 1.2-2 54.75 OK
r-devel-linux-x86_64-fedora-gcc 1.2-2 51.19 OK
r-devel-windows-x86_64 1.2-2 14.00 64.00 78.00 OK
r-patched-linux-x86_64 1.2-2 2.62 27.83 30.45 OK
r-release-linux-x86_64 1.2-2 3.16 27.07 30.23 OK
r-release-macos-arm64 1.2-2 18.00 OK
r-release-macos-x86_64 1.2-2 24.00 OK
r-release-windows-x86_64 1.2-2 11.00 53.00 64.00 OK
r-oldrel-macos-arm64 1.2-2 25.00 OK
r-oldrel-macos-x86_64 1.2-2 30.00 OK
r-oldrel-windows-ix86+x86_64 1.2-2 11.00 63.00 74.00 OK

Check Details

Version: 1.2-2
Check: compilation flags used
Result: NOTE
    Compilation used the following non-portable flag(s):
     ‘-Wstrict-prototypes’
Flavor: r-devel-linux-x86_64-debian-gcc