Last updated on 2023-12-10 13:49:43 CET.
Flavor | Version | Tinstall | Tcheck | Ttotal | Status | Flags |
---|---|---|---|---|---|---|
r-devel-linux-x86_64-debian-clang | 0.0.3 | 35.15 | 212.00 | 247.15 | OK | |
r-devel-linux-x86_64-debian-gcc | 0.0.3 | 24.23 | 154.03 | 178.26 | OK | |
r-devel-linux-x86_64-fedora-clang | 0.0.3 | 216.03 | NOTE | |||
r-devel-linux-x86_64-fedora-gcc | 0.0.3 | 213.51 | OK | |||
r-devel-windows-x86_64 | 0.0.3 | 20.00 | 146.00 | 166.00 | OK | |
r-patched-linux-x86_64 | 0.0.3 | 24.38 | 202.93 | 227.31 | OK | |
r-release-macos-arm64 | 0.0.3 | 87.00 | OK | |||
r-release-macos-x86_64 | 0.0.3 | 172.00 | OK | |||
r-release-windows-x86_64 | 0.0.3 | 26.00 | 178.00 | 204.00 | OK | |
r-oldrel-macos-arm64 | 0.0.3 | 71.00 | OK | |||
r-oldrel-macos-x86_64 | 0.0.2 | 97.00 | OK | |||
r-oldrel-windows-x86_64 | 0.0.3 | 23.00 | 192.00 | 215.00 | OK |
Version: 0.0.3
Check: installed package size
Result: NOTE
installed size is 5.0Mb
sub-directories of 1Mb or more:
extdata 4.2Mb
Flavor: r-devel-linux-x86_64-fedora-clang