Last updated on 2023-12-11 19:54:00 CET.
Flavor | Version | Tinstall | Tcheck | Ttotal | Status | Flags |
---|---|---|---|---|---|---|
r-devel-linux-x86_64-debian-clang | 1.1 | 6.32 | 52.39 | 58.71 | NOTE | |
r-devel-linux-x86_64-debian-gcc | 1.1 | 4.72 | 40.15 | 44.87 | NOTE | |
r-devel-linux-x86_64-fedora-clang | 1.1 | 73.35 | OK | |||
r-devel-linux-x86_64-fedora-gcc | 1.1 | 69.18 | OK | |||
r-devel-windows-x86_64 | 1.1 | 6.00 | 64.00 | 70.00 | OK | |
r-patched-linux-x86_64 | 1.1 | 10.67 | 50.50 | 61.17 | OK | |
r-release-linux-x86_64 | 1.1 | 5.71 | 51.37 | 57.08 | OK | |
r-release-macos-arm64 | 1.1 | 26.00 | OK | |||
r-release-macos-x86_64 | 1.1 | 40.00 | OK | |||
r-release-windows-x86_64 | 1.1 | 8.00 | 69.00 | 77.00 | OK | |
r-oldrel-macos-arm64 | 1.1 | 24.00 | OK | |||
r-oldrel-macos-x86_64 | 1.1 | 36.00 | OK | |||
r-oldrel-windows-x86_64 | 1.1 | 9.00 | 68.00 | 77.00 | OK |
Version: 1.1
Check: Rd files
Result: NOTE
checkRd: (-1) readratdatafixed.Rd:25: Lost braces; missing escapes or markup?
25 | number of the set {1, 2, 3}, {1..5}, {1..7} or {1..9}. When there are 10
| ^
checkRd: (-1) readratdatafixed.Rd:25: Lost braces; missing escapes or markup?
25 | number of the set {1, 2, 3}, {1..5}, {1..7} or {1..9}. When there are 10
| ^
checkRd: (-1) readratdatafixed.Rd:25: Lost braces; missing escapes or markup?
25 | number of the set {1, 2, 3}, {1..5}, {1..7} or {1..9}. When there are 10
| ^
checkRd: (-1) readratdatafixed.Rd:25: Lost braces; missing escapes or markup?
25 | number of the set {1, 2, 3}, {1..5}, {1..7} or {1..9}. When there are 10
| ^
Flavors: r-devel-linux-x86_64-debian-clang, r-devel-linux-x86_64-debian-gcc