CRAN Package Check Results for Package SSsimple

Last updated on 2019-07-16 07:51:06 CEST.

Flavor Version Tinstall Tcheck Ttotal Status Flags
r-devel-linux-x86_64-debian-clang 0.6.4 2.09 38.89 40.98 NOTE
r-devel-linux-x86_64-debian-gcc 0.6.4 1.72 31.90 33.62 NOTE
r-devel-linux-x86_64-fedora-clang 0.6.4 51.04 NOTE
r-devel-linux-x86_64-fedora-gcc 0.6.4 49.48 NOTE
r-devel-windows-ix86+x86_64 0.6.4 7.00 84.00 91.00 NOTE
r-patched-linux-x86_64 0.6.4 2.39 39.01 41.40 NOTE
r-patched-solaris-x86 0.6.4 80.00 NOTE
r-release-linux-x86_64 0.6.4 1.96 38.76 40.72 NOTE
r-release-windows-ix86+x86_64 0.6.4 5.00 76.00 81.00 NOTE
r-release-osx-x86_64 0.6.4 NOTE
r-oldrel-windows-ix86+x86_64 0.6.4 5.00 53.00 58.00 NOTE
r-oldrel-osx-x86_64 0.6.4 NOTE

Check Details

Version: 0.6.4
Check: DESCRIPTION meta-information
Result: NOTE
    Malformed Description field: should contain one or more complete sentences.
Flavors: r-devel-linux-x86_64-debian-clang, r-devel-linux-x86_64-debian-gcc, r-devel-linux-x86_64-fedora-clang, r-devel-linux-x86_64-fedora-gcc, r-devel-windows-ix86+x86_64, r-patched-linux-x86_64, r-patched-solaris-x86, r-release-linux-x86_64, r-release-windows-ix86+x86_64, r-release-osx-x86_64, r-oldrel-windows-ix86+x86_64, r-oldrel-osx-x86_64

Version: 0.6.4
Check: R code for possible problems
Result: NOTE
    SS.ID: no visible global function definition for 'var'
    SS.sim.chol: no visible global function definition for 'rnorm'
    Undefined global functions or variables:
     rnorm var
    Consider adding
     importFrom("stats", "rnorm", "var")
    to your NAMESPACE file.
Flavors: r-devel-linux-x86_64-debian-clang, r-devel-linux-x86_64-debian-gcc, r-devel-linux-x86_64-fedora-clang, r-devel-linux-x86_64-fedora-gcc, r-devel-windows-ix86+x86_64, r-patched-linux-x86_64, r-patched-solaris-x86, r-release-linux-x86_64, r-release-windows-ix86+x86_64, r-release-osx-x86_64, r-oldrel-windows-ix86+x86_64, r-oldrel-osx-x86_64