CRAN Package Check Results for Package SSsimple

Last updated on 2019-10-15 18:49:06 CEST.

Flavor Version Tinstall Tcheck Ttotal Status Flags
r-devel-linux-x86_64-debian-clang 0.6.4 2.73 39.21 41.94 NOTE
r-devel-linux-x86_64-debian-gcc 0.6.4 2.17 31.26 33.43 NOTE
r-devel-linux-x86_64-fedora-clang 0.6.4 53.09 NOTE
r-devel-linux-x86_64-fedora-gcc 0.6.4 52.57 NOTE
r-devel-windows-ix86+x86_64 0.6.4 8.00 56.00 64.00 NOTE
r-patched-linux-x86_64 0.6.4 1.95 38.52 40.47 NOTE
r-patched-solaris-x86 0.6.4 77.00 NOTE
r-release-linux-x86_64 0.6.4 2.15 38.34 40.49 NOTE
r-release-windows-ix86+x86_64 0.6.4 9.00 57.00 66.00 NOTE
r-release-osx-x86_64 0.6.4 NOTE
r-oldrel-windows-ix86+x86_64 0.6.4 3.00 55.00 58.00 NOTE
r-oldrel-osx-x86_64 0.6.4 NOTE

Check Details

Version: 0.6.4
Check: DESCRIPTION meta-information
Result: NOTE
    Malformed Description field: should contain one or more complete sentences.
Flavors: r-devel-linux-x86_64-debian-clang, r-devel-linux-x86_64-debian-gcc, r-devel-linux-x86_64-fedora-clang, r-devel-linux-x86_64-fedora-gcc, r-devel-windows-ix86+x86_64, r-patched-linux-x86_64, r-patched-solaris-x86, r-release-linux-x86_64, r-release-windows-ix86+x86_64, r-release-osx-x86_64, r-oldrel-windows-ix86+x86_64, r-oldrel-osx-x86_64

Version: 0.6.4
Check: R code for possible problems
Result: NOTE
    SS.ID: no visible global function definition for 'var'
    SS.sim.chol: no visible global function definition for 'rnorm'
    Undefined global functions or variables:
     rnorm var
    Consider adding
     importFrom("stats", "rnorm", "var")
    to your NAMESPACE file.
Flavors: r-devel-linux-x86_64-debian-clang, r-devel-linux-x86_64-debian-gcc, r-devel-linux-x86_64-fedora-clang, r-devel-linux-x86_64-fedora-gcc, r-devel-windows-ix86+x86_64, r-patched-linux-x86_64, r-patched-solaris-x86, r-release-linux-x86_64, r-release-windows-ix86+x86_64, r-release-osx-x86_64, r-oldrel-windows-ix86+x86_64, r-oldrel-osx-x86_64