CRAN Package Check Results for Package SSsimple

Last updated on 2023-05-28 13:57:41 CEST.

Flavor Version Tinstall Tcheck Ttotal Status Flags
r-devel-linux-x86_64-debian-clang 0.6.6 2.68 49.14 51.82 OK
r-devel-linux-x86_64-debian-gcc 0.6.6 2.47 38.36 40.83 OK
r-devel-linux-x86_64-fedora-clang 0.6.6 68.10 OK
r-devel-linux-x86_64-fedora-gcc 0.6.6 80.33 OK
r-devel-windows-x86_64 0.6.6 4.00 84.00 88.00 OK
r-patched-linux-x86_64 0.6.6 2.93 46.62 49.55 OK
r-release-linux-x86_64 0.6.6 2.60 46.51 49.11 OK
r-release-macos-arm64 0.6.6 36.00 OK
r-release-macos-x86_64 0.6.6 52.00 NOTE
r-release-windows-x86_64 0.6.6 4.00 79.00 83.00 OK
r-oldrel-macos-arm64 0.6.6 32.00 OK
r-oldrel-macos-x86_64 0.6.6 43.00 OK
r-oldrel-windows-x86_64 0.6.6 5.00 82.00 87.00 OK

Check Details

Version: 0.6.6
Check: re-building of vignette outputs
Result: NOTE
    Error(s) in re-building vignettes:
     ...
    --- re-building ‘SSsimple.Snw’ using Sweave
    Loading required package: mvtnorm
    Error: processing vignette 'SSsimple.Snw' failed with diagnostics:
    Running 'texi2dvi' on 'SSsimple.tex' failed.
    LaTeX errors:
    ! LaTeX Error: File `supertabular.sty' not found.
    
    Type X to quit or <RETURN> to proceed,
    or enter new name. (Default extension: sty)
    
    ! Emergency stop.
    <read *>
    
    l.8 \usepackage
     {wasysym}^^M
    ! ==> Fatal error occurred, no output PDF file produced!
    --- failed re-building ‘SSsimple.Snw’
    
    SUMMARY: processing the following file failed:
     ‘SSsimple.Snw’
    
    Error: Vignette re-building failed.
    Execution halted
Flavor: r-release-macos-x86_64