CRAN Package Check Results for Package STAT

Last updated on 2024-06-16 22:49:26 CEST.

Flavor Version Tinstall Tcheck Ttotal Status Flags
r-devel-linux-x86_64-debian-clang 0.1.0 2.01 20.77 22.78 NOTE
r-devel-linux-x86_64-debian-gcc 0.1.0 1.64 15.99 17.63 NOTE
r-devel-linux-x86_64-fedora-clang 0.1.0 29.53 NOTE
r-devel-linux-x86_64-fedora-gcc 0.1.0 27.63 NOTE
r-devel-windows-x86_64 0.1.0 3.00 37.00 40.00 NOTE
r-patched-linux-x86_64 0.1.0 2.02 20.50 22.52 NOTE
r-release-linux-x86_64 0.1.0 1.51 20.14 21.65 NOTE
r-release-macos-arm64 0.1.0 15.00 NOTE
r-release-macos-x86_64 0.1.0 24.00 NOTE
r-release-windows-x86_64 0.1.0 4.00 39.00 43.00 NOTE
r-oldrel-macos-arm64 0.1.0 16.00 NOTE
r-oldrel-macos-x86_64 0.1.0 20.00 NOTE
r-oldrel-windows-x86_64 0.1.0 4.00 40.00 44.00 NOTE

Check Details

Version: 0.1.0
Check: LazyData
Result: NOTE 'LazyData' is specified without a 'data' directory Flavors: r-devel-linux-x86_64-debian-clang, r-devel-linux-x86_64-debian-gcc, r-devel-linux-x86_64-fedora-clang, r-devel-linux-x86_64-fedora-gcc, r-devel-windows-x86_64, r-patched-linux-x86_64, r-release-linux-x86_64, r-release-macos-arm64, r-release-macos-x86_64, r-release-windows-x86_64, r-oldrel-macos-arm64, r-oldrel-macos-x86_64, r-oldrel-windows-x86_64

Version: 0.1.0
Check: dependencies in R code
Result: NOTE Namespaces in Imports field not imported from: ‘Hmisc’ ‘corrgram’ ‘datasets’ ‘dplyr’ ‘psych’ ‘psycho’ ‘rpivotTable’ ‘shiny’ All declared Imports should be used. Flavors: r-devel-linux-x86_64-fedora-clang, r-devel-linux-x86_64-fedora-gcc