CRAN Package Check Results for Package STB

Last updated on 2024-07-17 14:02:04 CEST.

Flavor Version Tinstall Tcheck Ttotal Status Flags
r-devel-linux-x86_64-debian-clang 0.6.5 8.16 84.75 92.91 NOTE
r-devel-linux-x86_64-debian-gcc 0.6.5 8.49 64.02 72.51 NOTE
r-devel-linux-x86_64-fedora-clang 0.6.5 118.23 NOTE
r-devel-linux-x86_64-fedora-gcc 0.6.5 119.67 NOTE
r-devel-windows-x86_64 0.6.5 12.00 83.00 95.00 NOTE
r-patched-linux-x86_64 0.6.5 10.71 82.18 92.89 NOTE
r-release-linux-x86_64 0.6.5 11.28 82.01 93.29 NOTE
r-release-macos-arm64 0.6.5 36.00 NOTE
r-release-macos-x86_64 0.6.5 54.00 NOTE
r-release-windows-x86_64 0.6.5 12.00 81.00 93.00 NOTE
r-oldrel-macos-arm64 0.6.5 39.00 OK
r-oldrel-macos-x86_64 0.6.5 65.00 OK
r-oldrel-windows-x86_64 0.6.5 16.00 97.00 113.00 OK

Check Details

Version: 0.6.5
Check: Rd files
Result: NOTE checkRd: (-1) rankSTB.Rd:31: Lost braces; missing escapes or markup? 31 | are transformed to min. rank-values. In step 6) the "N_{k-1}-(1-alpha)*N largest" elements of "d_{l}^{theta}" have to | ^ checkRd: (-1) rankSTB.Rd:31: Lost braces; missing escapes or markup? 31 | are transformed to min. rank-values. In step 6) the "N_{k-1}-(1-alpha)*N largest" elements of "d_{l}^{theta}" have to | ^ checkRd: (-1) rankSTB.Rd:31: Lost braces; missing escapes or markup? 31 | are transformed to min. rank-values. In step 6) the "N_{k-1}-(1-alpha)*N largest" elements of "d_{l}^{theta}" have to | ^ checkRd: (-1) stb.default.Rd:43: Lost braces 43 | sampling from the standard normal distribution. Another example is defining func=function(n){rchisq(n=n, df=3, ncp=2)} | ^ Flavors: r-devel-linux-x86_64-debian-clang, r-devel-linux-x86_64-debian-gcc, r-devel-linux-x86_64-fedora-clang, r-devel-linux-x86_64-fedora-gcc, r-devel-windows-x86_64, r-patched-linux-x86_64, r-release-linux-x86_64, r-release-macos-arm64, r-release-macos-x86_64, r-release-windows-x86_64

Version: 0.6.5
Check: Rd cross-references
Result: NOTE Found the following Rd file(s) with Rd \link{} targets missing package anchors: STB-Package.Rd: VCA stb.VCA.Rd: residuals.VCA, ranef.VCA Please provide package anchors for all Rd \link{} targets not in the package itself and the base packages. Flavor: r-devel-windows-x86_64