CRAN Package Check Results for Package STMotif

Last updated on 2021-11-28 15:48:56 CET.

Flavor Version Tinstall Tcheck Ttotal Status Flags
r-devel-linux-x86_64-debian-clang 2.0.1 OK
r-devel-linux-x86_64-debian-gcc 2.0.1 4.53 44.79 49.32 OK
r-devel-linux-x86_64-fedora-clang 2.0.1 94.93 NOTE
r-devel-linux-x86_64-fedora-gcc 2.0.1 74.94 NOTE
r-devel-windows-x86_64-new-UL 2.0.1 13.00 104.00 117.00 OK
r-devel-windows-x86_64-new-TK 2.0.1 NOTE
r-devel-windows-x86_64-old 2.0.1 9.00 65.00 74.00 OK
r-patched-linux-x86_64 2.0.1 4.94 54.44 59.38 OK
r-patched-solaris-x86 2.0.1 101.30 NOTE
r-release-linux-x86_64 2.0.1 5.57 55.27 60.84 OK
r-release-macos-arm64 2.0.1 NOTE
r-release-macos-x86_64 2.0.1 NOTE
r-release-windows-ix86+x86_64 2.0.1 15.00 79.00 94.00 OK
r-oldrel-macos-x86_64 2.0.1 NOTE
r-oldrel-windows-ix86+x86_64 2.0.1 22.00 81.00 103.00 OK

Check Details

Version: 2.0.1
Check: dependencies in R code
Result: NOTE
    Namespace in Imports field not imported from: ‘shiny’
     All declared Imports should be used.
Flavors: r-devel-linux-x86_64-fedora-clang, r-devel-linux-x86_64-fedora-gcc, r-devel-windows-x86_64-new-TK, r-patched-solaris-x86, r-release-macos-arm64, r-release-macos-x86_64, r-oldrel-macos-x86_64