CRAN Package Check Results for Package STRMPS

Last updated on 2021-12-07 11:52:15 CET.

Flavor Version Tinstall Tcheck Ttotal Status Flags
r-devel-linux-x86_64-debian-clang 0.5.8 37.45 376.67 414.12 NOTE
r-devel-linux-x86_64-debian-gcc 0.5.8 36.97 283.49 320.46 NOTE
r-devel-linux-x86_64-fedora-clang 0.5.8 507.58 NOTE
r-devel-linux-x86_64-fedora-gcc 0.5.8 489.36 NOTE
r-devel-windows-x86_64-new-UL 0.5.8 68.00 409.00 477.00 NOTE
r-devel-windows-x86_64-new-TK 0.5.8 NOTE
r-devel-windows-x86_64-old 0.5.8 62.00 407.00 469.00 NOTE
r-patched-linux-x86_64 0.5.8 39.74 356.38 396.12 NOTE
r-release-linux-x86_64 0.5.8 29.85 351.21 381.06 NOTE
r-release-macos-arm64 0.5.8 NOTE
r-release-macos-x86_64 0.5.8 NOTE
r-release-windows-ix86+x86_64 0.5.8 68.00 400.00 468.00 NOTE
r-oldrel-macos-x86_64 0.5.8 NOTE
r-oldrel-windows-ix86+x86_64 0.5.8 90.00 423.00 513.00 NOTE

Check Details

Version: 0.5.8
Check: package dependencies
Result: NOTE
    Package suggested but not available for checking: 'STRaitRazoR'
Flavors: r-devel-linux-x86_64-debian-clang, r-devel-linux-x86_64-debian-gcc, r-devel-linux-x86_64-fedora-clang, r-devel-linux-x86_64-fedora-gcc, r-devel-windows-x86_64-new-UL, r-devel-windows-x86_64-new-TK, r-devel-windows-x86_64-old, r-patched-linux-x86_64, r-release-linux-x86_64, r-release-macos-arm64, r-release-macos-x86_64, r-release-windows-ix86+x86_64, r-oldrel-macos-x86_64, r-oldrel-windows-ix86+x86_64