CRAN Package Check Results for Package SUE

Last updated on 2020-04-08 01:49:13 CEST.

Flavor Version Tinstall Tcheck Ttotal Status Flags
r-devel-linux-x86_64-debian-clang 1.0 2.14 24.13 26.27 NOTE
r-devel-linux-x86_64-debian-gcc 1.0 1.75 18.81 20.56 NOTE
r-devel-linux-x86_64-fedora-clang 1.0 31.51 NOTE
r-devel-linux-x86_64-fedora-gcc 1.0 32.41 NOTE
r-devel-windows-ix86+x86_64 1.0 5.00 60.00 65.00 NOTE
r-devel-windows-ix86+x86_64-gcc8 1.0 5.00 34.00 39.00 NOTE
r-patched-linux-x86_64 1.0 2.05 23.50 25.55 NOTE
r-patched-solaris-x86 1.0 50.10 NOTE
r-release-linux-x86_64 1.0 1.55 22.12 23.67 NOTE
r-release-windows-ix86+x86_64 1.0 4.00 55.00 59.00 NOTE
r-release-osx-x86_64 1.0 NOTE
r-oldrel-windows-ix86+x86_64 1.0 5.00 35.00 40.00 NOTE
r-oldrel-osx-x86_64 1.0 NOTE

Check Details

Version: 1.0
Check: DESCRIPTION meta-information
Result: NOTE
    Malformed Description field: should contain one or more complete sentences.
Flavors: r-devel-linux-x86_64-debian-clang, r-devel-linux-x86_64-debian-gcc, r-devel-linux-x86_64-fedora-clang, r-devel-linux-x86_64-fedora-gcc, r-devel-windows-ix86+x86_64, r-devel-windows-ix86+x86_64-gcc8, r-patched-linux-x86_64, r-patched-solaris-x86, r-release-linux-x86_64, r-release-windows-ix86+x86_64, r-release-osx-x86_64, r-oldrel-windows-ix86+x86_64, r-oldrel-osx-x86_64

Version: 1.0
Check: R code for possible problems
Result: NOTE
    SUE.fitted.values: no visible global function definition for
     'model.frame'
    SUE.lm: no visible global function definition for 'model.frame'
    SUE.lm: no visible global function definition for 'lm'
    SUE.lm: no visible global function definition for 'anova'
    SUE.residuals: no visible global function definition for 'model.frame'
    parameters : para2: no visible global function definition for 'uniroot'
    parameters: no visible global function definition for 'optimize'
    parameters: no visible global function definition for 'uniroot'
    Undefined global functions or variables:
     anova lm model.frame optimize uniroot
    Consider adding
     importFrom("stats", "anova", "lm", "model.frame", "optimize",
     "uniroot")
    to your NAMESPACE file.
Flavors: r-devel-linux-x86_64-debian-clang, r-devel-linux-x86_64-debian-gcc, r-devel-linux-x86_64-fedora-clang, r-devel-linux-x86_64-fedora-gcc, r-devel-windows-ix86+x86_64, r-devel-windows-ix86+x86_64-gcc8, r-patched-linux-x86_64, r-patched-solaris-x86

Version: 1.0
Check: Rd line widths
Result: NOTE
    Rd file 'SUE.lm.Rd':
     \examples lines wider than 100 characters:
     ##We analysis the well known stackloss data by using ordinary linear method and the subsampling method.
     ##proportion of outliers in the data. The subsample size is chosen to be the default size of ns = 11.
     plot(SUE.fitted.values(a2),SUE.residuals(a2),xlab="(b) fitted values",ylab="residuals",ylim=c(-12,12))
     plot(SUE.fitted.values(a3),SUE.residuals(a3),xlab="(c) fitted values",ylab="residuals",ylim=c(-12,12))
    
    These lines will be truncated in the PDF manual.
Flavors: r-devel-linux-x86_64-debian-clang, r-devel-linux-x86_64-debian-gcc, r-devel-linux-x86_64-fedora-clang, r-devel-linux-x86_64-fedora-gcc, r-patched-linux-x86_64, r-release-linux-x86_64

Version: 1.0
Check: R code for possible problems
Result: NOTE
    SUE.fitted.values: no visible global function definition for
     ‘model.frame’
    SUE.lm: no visible global function definition for ‘model.frame’
    SUE.lm: no visible global function definition for ‘lm’
    SUE.lm: no visible global function definition for ‘anova’
    SUE.plot: no visible global function definition for ‘plot’
    SUE.residuals: no visible global function definition for ‘model.frame’
    parameters : para2: no visible global function definition for ‘uniroot’
    parameters: no visible global function definition for ‘optimize’
    parameters: no visible global function definition for ‘uniroot’
    Undefined global functions or variables:
     anova lm model.frame optimize plot uniroot
    Consider adding
     importFrom("graphics", "plot")
     importFrom("stats", "anova", "lm", "model.frame", "optimize",
     "uniroot")
    to your NAMESPACE file.
Flavors: r-release-linux-x86_64, r-release-windows-ix86+x86_64, r-release-osx-x86_64, r-oldrel-windows-ix86+x86_64, r-oldrel-osx-x86_64