Last updated on 2023-05-31 17:55:26 CEST.
Flavor | Version | Tinstall | Tcheck | Ttotal | Status | Flags |
---|---|---|---|---|---|---|
r-devel-linux-x86_64-debian-clang | 1.0.0 | 11.07 | 144.16 | 155.23 | NOTE | |
r-devel-linux-x86_64-debian-gcc | 1.0.0 | 9.46 | 107.18 | 116.64 | NOTE | |
r-devel-linux-x86_64-fedora-clang | 1.0.0 | 190.51 | NOTE | |||
r-devel-linux-x86_64-fedora-gcc | 1.0.0 | 221.67 | NOTE | |||
r-devel-windows-x86_64 | 1.0.0 | 10.00 | 137.00 | 147.00 | NOTE | |
r-patched-linux-x86_64 | 1.0.0 | NOTE | ||||
r-release-linux-x86_64 | 1.0.0 | 8.92 | 137.54 | 146.46 | NOTE | |
r-release-macos-arm64 | 1.0.0 | 74.00 | NOTE | |||
r-release-macos-x86_64 | 1.0.0 | 109.00 | NOTE | |||
r-release-windows-x86_64 | 1.0.0 | 15.00 | 167.00 | 182.00 | NOTE | |
r-oldrel-macos-arm64 | 1.0.0 | 74.00 | OK | |||
r-oldrel-macos-x86_64 | 1.0.0 | 134.00 | OK | |||
r-oldrel-windows-x86_64 | 1.0.0 | 15.00 | 163.00 | 178.00 | OK |
Version: 1.0.0
Check: package subdirectories
Result: NOTE
Problems with news in ‘NEWS.md’:
Cannot extract version info from the following section titles:
Additional functions and data sets
Amendments to functions
Flavors: r-devel-linux-x86_64-debian-clang, r-devel-linux-x86_64-debian-gcc, r-devel-linux-x86_64-fedora-clang, r-devel-linux-x86_64-fedora-gcc, r-devel-windows-x86_64, r-patched-linux-x86_64, r-release-linux-x86_64, r-release-macos-arm64, r-release-macos-x86_64, r-release-windows-x86_64